Last updated on 2025-10-30 03:50:57 CET.
| Flavor | Version | Tinstall | Tcheck | Ttotal | Status | Flags |
|---|---|---|---|---|---|---|
| r-devel-linux-x86_64-debian-clang | 1.5.3 | 105.87 | 479.55 | 585.42 | OK | |
| r-devel-linux-x86_64-debian-gcc | 1.5.3 | 80.72 | 323.89 | 404.61 | OK | |
| r-devel-linux-x86_64-fedora-clang | 1.5.3 | 660.00 | 353.76 | 1013.76 | OK | |
| r-devel-linux-x86_64-fedora-gcc | 1.5.3 | 545.00 | 448.05 | 993.05 | OK | |
| r-devel-windows-x86_64 | 1.5.3 | 100.00 | 414.00 | 514.00 | OK | |
| r-patched-linux-x86_64 | 1.5.3 | 0.28 | 2.10 | 2.38 | ERROR | |
| r-release-linux-x86_64 | 1.5.3 | 110.85 | 462.36 | 573.21 | OK | |
| r-release-macos-arm64 | 1.5.3 | 63.00 | 253.00 | 316.00 | OK | |
| r-release-macos-x86_64 | 1.5.3 | 97.00 | 411.00 | 508.00 | OK | |
| r-release-windows-x86_64 | 1.5.3 | 98.00 | 405.00 | 503.00 | OK | |
| r-oldrel-macos-arm64 | 1.5.3 | 45.00 | 169.00 | 214.00 | NOTE | |
| r-oldrel-macos-x86_64 | 1.5.3 | 70.00 | 249.00 | 319.00 | NOTE | |
| r-oldrel-windows-x86_64 | 1.5.3 | 126.00 | 575.00 | 701.00 | OK |
Version: 1.5.3
Check: package dependencies
Result: ERROR
Package required but not available: ‘SingleCellExperiment’
See section ‘The DESCRIPTION file’ in the ‘Writing R Extensions’
manual.
Flavor: r-patched-linux-x86_64
Version: 1.5.3
Check: installed package size
Result: NOTE
installed size is 29.3Mb
sub-directories of 1Mb or more:
libs 27.6Mb
Flavors: r-oldrel-macos-arm64, r-oldrel-macos-x86_64