Last updated on 2025-07-19 04:49:29 CEST.
Flavor | Version | Tinstall | Tcheck | Ttotal | Status | Flags |
---|---|---|---|---|---|---|
r-devel-linux-x86_64-debian-clang | 0.1.2 | 32.51 | 233.93 | 266.44 | OK | |
r-devel-linux-x86_64-debian-gcc | 0.1.2 | 24.38 | 169.35 | 193.73 | OK | |
r-devel-linux-x86_64-fedora-clang | 0.1.2 | 423.79 | OK | |||
r-devel-linux-x86_64-fedora-gcc | 0.1.2 | 414.57 | OK | |||
r-devel-windows-x86_64 | 0.1.2 | 29.00 | 200.00 | 229.00 | OK | |
r-patched-linux-x86_64 | 0.1.2 | 31.38 | 222.30 | 253.68 | OK | |
r-release-linux-x86_64 | 0.1.1 | 30.25 | 189.50 | 219.75 | OK | |
r-release-macos-arm64 | 0.1.2 | 120.00 | OK | |||
r-release-macos-x86_64 | 0.1.2 | 216.00 | OK | |||
r-release-windows-x86_64 | 0.1.2 | 26.00 | 197.00 | 223.00 | OK | |
r-oldrel-macos-arm64 | 0.1.2 | 106.00 | OK | |||
r-oldrel-macos-x86_64 | 0.1.2 | 219.00 | NOTE | |||
r-oldrel-windows-x86_64 | 0.1.2 | 37.00 | 264.00 | 301.00 | OK |
Version: 0.1.2
Check: installed package size
Result: NOTE
installed size is 5.0Mb
sub-directories of 1Mb or more:
data_precomputed 4.1Mb
Flavor: r-oldrel-macos-x86_64