Last updated on 2025-05-23 04:51:14 CEST.
Flavor | Version | Tinstall | Tcheck | Ttotal | Status | Flags |
---|---|---|---|---|---|---|
r-devel-linux-x86_64-debian-clang | 0.9.1 | 4.47 | 25.41 | 29.88 | NOTE | |
r-devel-linux-x86_64-debian-gcc | 0.9.1 | 3.36 | 20.28 | 23.64 | NOTE | |
r-devel-linux-x86_64-fedora-clang | 0.9.1 | 44.71 | OK | |||
r-devel-linux-x86_64-fedora-gcc | 0.9.1 | 43.65 | OK | |||
r-devel-windows-x86_64 | 0.9.1 | 9.00 | 0.00 | 9.00 | FAIL | |
r-patched-linux-x86_64 | 0.9.1 | 3.83 | 24.52 | 28.35 | NOTE | |
r-release-linux-x86_64 | 0.9.1 | 4.20 | 24.58 | 28.78 | NOTE | |
r-release-macos-arm64 | 0.9.1 | 21.00 | OK | |||
r-release-macos-x86_64 | 0.9.1 | 33.00 | OK | |||
r-release-windows-x86_64 | 0.9.1 | 9.00 | 65.00 | 74.00 | OK | |
r-oldrel-macos-arm64 | 0.9.1 | 20.00 | OK | |||
r-oldrel-macos-x86_64 | 0.9.1 | 41.00 | OK | |||
r-oldrel-windows-x86_64 | 0.9.1 | 9.00 | 53.00 | 62.00 | OK |
Version: 0.9.1
Check: CRAN incoming feasibility
Result: NOTE
Maintainer: ‘Christian Brownlees <christian.brownlees@upf.edu>’
No Authors@R field in DESCRIPTION.
Please add one, modifying
Authors@R: person(given = "Christian",
family = "Brownlees",
role = c("aut", "cre"),
email = "christian.brownlees@upf.edu")
as necessary.
Flavors: r-devel-linux-x86_64-debian-clang, r-devel-linux-x86_64-debian-gcc
Version: 0.9.1
Check: for unstated dependencies in ‘demo’
Result: NOTE
'library' or 'require' call not declared from: ‘MASS’
Flavors: r-devel-linux-x86_64-debian-clang, r-devel-linux-x86_64-debian-gcc, r-patched-linux-x86_64, r-release-linux-x86_64
Version: 0.9.1
Check: PDF version of manual
Result: FAIL
Check process probably crashed or hung up for 20 minutes ... killed
Most likely this happened in the example checks (?),
if not, ignore the following last lines of example output:
Iter: 0002 RSS: 1.5036 Pen: 1.0096 Obj: 2.5133 Spars: 0.8118 Delta: 5.0482
Converged! RSS: 1.0476 Pen: 0.8591 Obj: 1.9067 Spars: 0.9059 Delta: 0.0000
iter 2 of 2
Iter: 0001 RSS: 8.1675 Pen: 0.0000 Obj: 8.1675 Spars: 1.0000
Iter: 0002 RSS: 1.5036 Pen: 1.0096 Obj: 2.5133 Spars: 0.8118 Delta: 5.0482
Converged! RSS: 1.0476 Pen: 0.8591 Obj: 1.9067 Spars: 0.9059 Delta: 0.0000
user system elapsed
0.01 0.00 0.01
>
> mdl
Time Series Panel Dimension: T=1000 N=5
VAR Lags P=1
RSS 1.047601 Num Par 8 Lasso Penalty: 1000 2000>
>
>
> ### * <FOOTER>
> ###
> cleanEx()
> options(digits = 7L)
> base::cat("Time elapsed: ", proc.time() - base::get("ptime", pos = 'CheckExEnv'),"\n")
Time elapsed: 0.53 0.09 0.64 NA NA
> grDevices::dev.off()
null device
1
> ###
> ### Local variables: ***
> ### mode: outline-minor ***
> ### outline-regexp: "\\(> \\)?### [*]+" ***
> ### End: ***
> quit('no')
======== End of example output (where/before crash/hang up occured ?) ========
Flavor: r-devel-windows-x86_64