Last updated on 2025-07-20 04:51:08 CEST.
Flavor | Version | Tinstall | Tcheck | Ttotal | Status | Flags |
---|---|---|---|---|---|---|
r-devel-linux-x86_64-debian-clang | 2023.9.3 | 1.32 | 16.18 | 17.50 | OK | |
r-devel-linux-x86_64-debian-gcc | 2023.9.3 | 1.15 | 13.63 | 14.78 | OK | |
r-devel-linux-x86_64-fedora-clang | 2023.9.3 | 25.40 | OK | |||
r-devel-linux-x86_64-fedora-gcc | 2023.9.3 | 24.13 | OK | |||
r-devel-windows-x86_64 | 2023.9.3 | 3.00 | 33.00 | 36.00 | OK | |
r-patched-linux-x86_64 | 2023.9.3 | 1.34 | 14.86 | 16.20 | OK | |
r-release-linux-x86_64 | 2023.9.3 | 1.32 | 15.05 | 16.37 | OK | |
r-release-macos-arm64 | 2023.9.3 | 15.00 | OK | |||
r-release-macos-x86_64 | 2023.9.3 | 23.00 | OK | |||
r-release-windows-x86_64 | 2023.9.3 | 2.00 | 36.00 | 38.00 | OK | |
r-oldrel-macos-arm64 | 2023.9.3 | 14.00 | NOTE | |||
r-oldrel-macos-x86_64 | 2023.9.3 | 20.00 | NOTE | |||
r-oldrel-windows-x86_64 | 2023.9.3 | 2.00 | 33.00 | 35.00 | NOTE |
Version: 2023.9.3
Check: installed package size
Result: NOTE
installed size is 7.9Mb
sub-directories of 1Mb or more:
data 7.8Mb
Flavors: r-oldrel-macos-arm64, r-oldrel-macos-x86_64, r-oldrel-windows-x86_64