Last updated on 2025-07-19 04:49:29 CEST.
Flavor | Version | Tinstall | Tcheck | Ttotal | Status | Flags |
---|---|---|---|---|---|---|
r-devel-linux-x86_64-debian-clang | 0.1.1 | 6.36 | 50.72 | 57.08 | NOTE | |
r-devel-linux-x86_64-debian-gcc | 0.1.1 | 4.58 | 38.04 | 42.62 | NOTE | |
r-devel-linux-x86_64-fedora-clang | 0.1.1 | 96.13 | OK | |||
r-devel-linux-x86_64-fedora-gcc | 0.1.1 | 100.38 | OK | |||
r-devel-windows-x86_64 | 0.1.1 | 9.00 | 83.00 | 92.00 | NOTE | |
r-patched-linux-x86_64 | 0.1.1 | 6.19 | 47.71 | 53.90 | NOTE | |
r-release-linux-x86_64 | 0.1.1 | 5.54 | 47.67 | 53.21 | NOTE | |
r-release-macos-arm64 | 0.1.1 | 46.00 | OK | |||
r-release-macos-x86_64 | 0.1.1 | 75.00 | OK | |||
r-release-windows-x86_64 | 0.1.1 | 10.00 | 80.00 | 90.00 | NOTE | |
r-oldrel-macos-arm64 | 0.1.1 | 33.00 | OK | |||
r-oldrel-macos-x86_64 | 0.1.1 | 52.00 | OK | |||
r-oldrel-windows-x86_64 | 0.1.1 | 12.00 | 93.00 | 105.00 | OK |
Version: 0.1.1
Check: Rd cross-references
Result: NOTE
Found the following Rd file(s) with Rd \link{} targets missing package
anchors:
nhm.control.Rd: maxLik
Please provide package anchors for all Rd \link{} targets not in the
package itself and the base packages.
Flavors: r-devel-linux-x86_64-debian-clang, r-devel-linux-x86_64-debian-gcc, r-devel-windows-x86_64, r-patched-linux-x86_64, r-release-linux-x86_64, r-release-windows-x86_64