Last updated on 2025-07-19 04:49:29 CEST.
Flavor | Version | Tinstall | Tcheck | Ttotal | Status | Flags |
---|---|---|---|---|---|---|
r-devel-linux-x86_64-debian-clang | 0.6.2 | 6.39 | 54.82 | 61.21 | OK | |
r-devel-linux-x86_64-debian-gcc | 0.6.2 | 4.14 | 39.09 | 43.23 | OK | |
r-devel-linux-x86_64-fedora-clang | 0.6.2 | 97.74 | OK | |||
r-devel-linux-x86_64-fedora-gcc | 0.6.2 | 87.64 | OK | |||
r-devel-windows-x86_64 | 0.6.2 | 8.00 | 72.00 | 80.00 | OK | |
r-patched-linux-x86_64 | 0.6.2 | 5.97 | 49.47 | 55.44 | OK | |
r-release-linux-x86_64 | 0.6.2 | 5.38 | 49.81 | 55.19 | OK | |
r-release-macos-arm64 | 0.6.2 | 26.00 | OK | |||
r-release-macos-x86_64 | 0.6.2 | 44.00 | OK | |||
r-release-windows-x86_64 | 0.6.2 | 6.00 | 72.00 | 78.00 | OK | |
r-oldrel-macos-arm64 | 0.6.2 | 25.00 | NOTE | |||
r-oldrel-macos-x86_64 | 0.6.2 | 45.00 | NOTE | |||
r-oldrel-windows-x86_64 | 0.6.2 | 9.00 | 85.00 | 94.00 | NOTE |
Version: 0.6.2
Check: LazyData
Result: NOTE
'LazyData' is specified without a 'data' directory
Flavors: r-oldrel-macos-arm64, r-oldrel-macos-x86_64, r-oldrel-windows-x86_64