Last updated on 2025-07-17 04:54:46 CEST.
Flavor | Version | Tinstall | Tcheck | Ttotal | Status | Flags |
---|---|---|---|---|---|---|
r-devel-linux-x86_64-debian-clang | 0.1.1 | 3.83 | 118.25 | 122.08 | NOTE | |
r-devel-linux-x86_64-debian-gcc | 0.1.1 | 3.01 | 78.85 | 81.86 | NOTE | |
r-devel-linux-x86_64-fedora-clang | 0.1.1 | 188.96 | OK | |||
r-devel-linux-x86_64-fedora-gcc | 0.1.1 | 194.31 | OK | |||
r-devel-windows-x86_64 | 0.1.1 | 5.00 | 130.00 | 135.00 | OK | |
r-patched-linux-x86_64 | 0.1.1 | 4.10 | 115.56 | 119.66 | OK | |
r-release-linux-x86_64 | 0.1.1 | 3.17 | 113.91 | 117.08 | OK | |
r-release-macos-arm64 | 0.1.1 | 59.00 | OK | |||
r-release-macos-x86_64 | 0.1.1 | 186.00 | OK | |||
r-release-windows-x86_64 | 0.1.1 | 8.00 | 121.00 | 129.00 | OK | |
r-oldrel-macos-arm64 | 0.1.1 | 61.00 | OK | |||
r-oldrel-macos-x86_64 | 0.1.1 | 100.00 | OK | |||
r-oldrel-windows-x86_64 | 0.1.1 | 8.00 | 161.00 | 169.00 | OK |
Version: 0.1.1
Check: CRAN incoming feasibility
Result: NOTE
Maintainer: ‘Sevvandi Kandanaarachchi <sevvandik@gmail.com>’
The Description field contains
anomalies (Kandanaarachchi, Hyndman 2022) <arXiv:2210.07407>.
Please refer to arXiv e-prints via their arXiv DOI <doi:10.48550/arXiv.YYMM.NNNNN>.
Flavors: r-devel-linux-x86_64-debian-clang, r-devel-linux-x86_64-debian-gcc