Last updated on 2025-07-17 04:54:46 CEST.
Flavor | Version | Tinstall | Tcheck | Ttotal | Status | Flags |
---|---|---|---|---|---|---|
r-devel-linux-x86_64-debian-clang | 0.8.0 | 12.30 | 96.23 | 108.53 | NOTE | |
r-devel-linux-x86_64-debian-gcc | 0.8.0 | 7.59 | 73.16 | 80.75 | NOTE | |
r-devel-linux-x86_64-fedora-clang | 0.8.0 | 164.87 | OK | |||
r-devel-linux-x86_64-fedora-gcc | 0.8.0 | 169.16 | OK | |||
r-devel-windows-x86_64 | 0.8.0 | 12.00 | 150.00 | 162.00 | OK | |
r-patched-linux-x86_64 | 0.8.0 | 10.53 | 89.48 | 100.01 | OK | |
r-release-linux-x86_64 | 0.8.0 | 10.64 | 90.66 | 101.30 | OK | |
r-release-macos-arm64 | 0.8.0 | 84.00 | OK | |||
r-release-macos-x86_64 | 0.8.0 | 173.00 | OK | |||
r-release-windows-x86_64 | 0.8.0 | 13.00 | 148.00 | 161.00 | OK | |
r-oldrel-macos-arm64 | 0.8.0 | 81.00 | OK | |||
r-oldrel-macos-x86_64 | 0.8.0 | 122.00 | OK | |||
r-oldrel-windows-x86_64 | 0.8.0 | 16.00 | 197.00 | 213.00 | OK |
Version: 0.8.0
Check: CRAN incoming feasibility
Result: NOTE
Maintainer: ‘Fumihiko Takeuchi <fumihiko@takeuchi.name>’
Found the following URLs which should use \doi (with the DOI name only):
File ‘ctassoc.Rd’:
https://doi.org/10.1080/03610927608827353
Flavors: r-devel-linux-x86_64-debian-clang, r-devel-linux-x86_64-debian-gcc