Last updated on 2025-07-17 04:54:46 CEST.
Flavor | Version | Tinstall | Tcheck | Ttotal | Status | Flags |
---|---|---|---|---|---|---|
r-devel-linux-x86_64-debian-clang | 0.9.1 | 1.74 | 31.07 | 32.81 | NOTE | |
r-devel-linux-x86_64-debian-gcc | 0.9.1 | 1.43 | 24.84 | 26.27 | NOTE | |
r-devel-linux-x86_64-fedora-clang | 0.9.1 | 51.40 | OK | |||
r-devel-linux-x86_64-fedora-gcc | 0.9.1 | 63.22 | OK | |||
r-devel-windows-x86_64 | 0.9.1 | 2.00 | 51.00 | 53.00 | OK | |
r-patched-linux-x86_64 | 0.9.1 | 1.72 | 28.02 | 29.74 | OK | |
r-release-linux-x86_64 | 0.9.1 | 1.62 | 28.48 | 30.10 | OK | |
r-release-macos-arm64 | 0.9.1 | 24.00 | OK | |||
r-release-macos-x86_64 | 0.9.1 | 51.00 | OK | |||
r-release-windows-x86_64 | 0.9.1 | 4.00 | 51.00 | 55.00 | OK | |
r-oldrel-macos-arm64 | 0.9.1 | 23.00 | OK | |||
r-oldrel-macos-x86_64 | 0.9.1 | 35.00 | OK | |||
r-oldrel-windows-x86_64 | 0.9.1 | 5.00 | 58.00 | 63.00 | OK |
Version: 0.9.1
Check: CRAN incoming feasibility
Result: NOTE
Maintainer: ‘Philipp Külpmann <philipp@kuelpmann.org>’
Package CITATION file contains call(s) to old-style citEntry(). Please
use bibentry() instead.
Flavors: r-devel-linux-x86_64-debian-clang, r-devel-linux-x86_64-debian-gcc