CRAN Package Check Results for Package openmetrics

Last updated on 2025-05-23 04:51:15 CEST.

Flavor Version Tinstall Tcheck Ttotal Status Flags
r-devel-linux-x86_64-debian-clang 0.3.0 5.68 22.04 27.72 OK
r-devel-linux-x86_64-debian-gcc 0.3.0 3.99 18.94 22.93 OK
r-devel-linux-x86_64-fedora-clang 0.3.0 42.42 NOTE
r-devel-linux-x86_64-fedora-gcc 0.3.0 40.13 NOTE
r-devel-windows-x86_64 0.3.0 6.00 47.00 53.00 OK
r-patched-linux-x86_64 0.3.0 6.50 20.40 26.90 OK
r-release-linux-x86_64 0.3.0 5.68 20.55 26.23 OK
r-release-macos-arm64 0.3.0 20.00 OK
r-release-macos-x86_64 0.3.0 30.00 OK
r-release-windows-x86_64 0.3.0 7.00 69.00 76.00 OK
r-oldrel-macos-arm64 0.3.0 18.00 NOTE
r-oldrel-macos-x86_64 0.3.0 24.00 NOTE
r-oldrel-windows-x86_64 0.3.0 7.00 48.00 55.00 NOTE

Check Details

Version: 0.3.0
Check: dependencies in R code
Result: NOTE Namespace in Imports field not imported from: ‘R6’ All declared Imports should be used. Flavors: r-devel-linux-x86_64-fedora-clang, r-devel-linux-x86_64-fedora-gcc

Version: 0.3.0
Check: LazyData
Result: NOTE 'LazyData' is specified without a 'data' directory Flavors: r-oldrel-macos-arm64, r-oldrel-macos-x86_64, r-oldrel-windows-x86_64