Last updated on 2025-05-22 04:50:06 CEST.
Flavor | Version | Tinstall | Tcheck | Ttotal | Status | Flags |
---|---|---|---|---|---|---|
r-devel-linux-x86_64-debian-clang | 1.0-2 | 1.84 | 26.99 | 28.83 | NOTE | |
r-devel-linux-x86_64-debian-gcc | 1.0-2 | 1.48 | 21.33 | 22.81 | NOTE | |
r-devel-linux-x86_64-fedora-clang | 1.0-2 | 46.24 | OK | |||
r-devel-linux-x86_64-fedora-gcc | 1.0-2 | 57.38 | OK | |||
r-devel-windows-x86_64 | 1.0-2 | 4.00 | 70.00 | 74.00 | OK | |
r-patched-linux-x86_64 | 1.0-2 | 1.62 | 25.82 | 27.44 | OK | |
r-release-linux-x86_64 | 1.0-2 | 1.66 | 25.56 | 27.22 | OK | |
r-release-macos-arm64 | 1.0-2 | 29.00 | OK | |||
r-release-macos-x86_64 | 1.0-2 | 51.00 | OK | |||
r-release-windows-x86_64 | 1.0-2 | 3.00 | 50.00 | 53.00 | OK | |
r-oldrel-macos-arm64 | 1.0-2 | 35.00 | OK | |||
r-oldrel-macos-x86_64 | 1.0-2 | 41.00 | OK | |||
r-oldrel-windows-x86_64 | 1.0-2 | 4.00 | 53.00 | 57.00 | OK |
Version: 1.0-2
Check: CRAN incoming feasibility
Result: NOTE
Maintainer: ‘Florian Gerber <flora.fauna.gerber@gmail.com>’
Package CITATION file contains call(s) to old-style personList() or
as.personList(). Please use c() on person objects instead.
Package CITATION file contains call(s) to old-style citEntry(). Please
use bibentry() instead.
Flavors: r-devel-linux-x86_64-debian-clang, r-devel-linux-x86_64-debian-gcc