Last updated on 2025-05-23 04:51:15 CEST.
Flavor | Version | Tinstall | Tcheck | Ttotal | Status | Flags |
---|---|---|---|---|---|---|
r-devel-linux-x86_64-debian-clang | 0.8 | 45.32 | 227.07 | 272.39 | OK | |
r-devel-linux-x86_64-debian-gcc | 0.8 | 34.77 | 156.22 | 190.99 | OK | |
r-devel-linux-x86_64-fedora-clang | 0.8 | 371.62 | ERROR | |||
r-devel-linux-x86_64-fedora-gcc | 0.8 | 437.23 | OK | |||
r-devel-windows-x86_64 | 0.8 | 49.00 | 204.00 | 253.00 | OK | |
r-patched-linux-x86_64 | 0.8 | 45.30 | 212.26 | 257.56 | OK | |
r-release-linux-x86_64 | 0.8 | 43.24 | 211.89 | 255.13 | OK | |
r-release-macos-arm64 | 0.8 | 104.00 | OK | |||
r-release-macos-x86_64 | 0.8 | 241.00 | OK | |||
r-release-windows-x86_64 | 0.8 | 49.00 | 202.00 | 251.00 | OK | |
r-oldrel-macos-arm64 | 0.8 | 100.00 | NOTE | |||
r-oldrel-macos-x86_64 | 0.8 | 228.00 | NOTE | |||
r-oldrel-windows-x86_64 | 0.8 | 67.00 | 262.00 | 329.00 | NOTE |
Version: 0.8
Check: examples
Result: ERROR
Running examples in ‘ordbetareg-Ex.R’ failed
The error most likely occurred in:
> ### Name: pp_check_ordbeta
> ### Title: Accurate Posterior Predictive Plots for Ordbetareg Models
> ### Aliases: pp_check_ordbeta
>
> ### ** Examples
>
>
> # need a fitted ordbetareg model
>
> data("ord_fit_mean")
>
> out_plots <- pp_check_ordbeta(ord_fit_mean)
Error in dyn.load(file, DLLpath = DLLpath, ...) :
unable to load shared object '/data/gannet/ripley/R/test-clang/sf/libs/sf.so':
libhdf5.so.200: cannot open shared object file: No such file or directory
Calls: pp_check_ordbeta ... asNamespace -> loadNamespace -> library.dynam -> dyn.load
Execution halted
Flavor: r-devel-linux-x86_64-fedora-clang
Version: 0.8
Check: re-building of vignette outputs
Result: ERROR
Error(s) in re-building vignettes:
--- re-building ‘package_introduction.qmd’ using html
<1b>[31m
processing file: package_introduction.qmd
<1b>[39m<1b>[31mError in dyn.load(file, DLLpath = DLLpath, ...) :
unable to load shared object '/data/gannet/ripley/R/test-clang/sf/libs/sf.s<1b>[39m<1b>[31mo':
libhdf5.so.200: cannot open shared object file: No such file or directory
Calls: .main ... asNamespace -> loadNamespace -> library.dynam -> dyn.load
Quitting from package_introduction.qmd:238-251 [post_predict]
~~~~~~~~~~~~~~~~~~~~~~~~~~~~~~~~~~~~~~~~~~~~~~~~~~~~~~~~~~~~~~~~~~~~~~~~~~~~~~~~
<error/rlang_error>
Error in `dyn.load()`:
! unable to load shared object '/data/gannet/ripley/R/test-clang/sf/libs/sf.so':
libhdf5.so.200: cannot open shared object file: No such file or directory
---
Backtrace:
▆
1. ├─ordbetareg::pp_check_ordbeta(...)
2. └─base::loadNamespace(x)
3. ├─base::namespaceImportFrom(...)
4. │ └─base::asNamespace(ns)
5. └─base::loadNamespace(j <- i[[1L]], c(lib.loc, .libPaths()), versionCheck = vI[[j]])
6. └─base::library.dynam(lib, package, package.lib)
7. └─base::dyn.load(file, DLLpath = DLLpath, ...)
~~~~~~~~~~~~~~~~~~~~~~~~~~~~~~~~~~~~~~~~~~~~~~~~~~~~~~~~~~~~~~~~~~~~~~~~~~~~~~~~
Execution halted
<1b>[39mError: processing vignette 'package_introduction.qmd' failed with diagnostics:
✖ Error running quarto cli.
Caused by error:
! System command 'quarto' failed
--- failed re-building ‘package_introduction.qmd’
SUMMARY: processing the following file failed:
‘package_introduction.qmd’
Error: Vignette re-building failed.
Execution halted
Flavor: r-devel-linux-x86_64-fedora-clang
Version: 0.8
Check: installed package size
Result: NOTE
installed size is 8.0Mb
sub-directories of 1Mb or more:
data 6.0Mb
doc 1.8Mb
Flavors: r-oldrel-macos-arm64, r-oldrel-macos-x86_64, r-oldrel-windows-x86_64