Last updated on 2025-05-23 04:51:15 CEST.
Flavor | Version | Tinstall | Tcheck | Ttotal | Status | Flags |
---|---|---|---|---|---|---|
r-devel-linux-x86_64-debian-clang | 0.1.1 | 3.31 | 19.70 | 23.01 | OK | |
r-devel-linux-x86_64-debian-gcc | 0.1.1 | 2.47 | 16.36 | 18.83 | OK | |
r-devel-linux-x86_64-fedora-clang | 0.1.1 | 34.76 | NOTE | |||
r-devel-linux-x86_64-fedora-gcc | 0.1.1 | 33.04 | NOTE | |||
r-devel-windows-x86_64 | 0.1.1 | 5.00 | 69.00 | 74.00 | OK | |
r-patched-linux-x86_64 | 0.1.1 | 3.11 | 17.83 | 20.94 | OK | |
r-release-linux-x86_64 | 0.1.1 | 3.73 | 17.69 | 21.42 | OK | |
r-release-macos-arm64 | 0.1.1 | 21.00 | OK | |||
r-release-macos-x86_64 | 0.1.1 | 37.00 | OK | |||
r-release-windows-x86_64 | 0.1.1 | 5.00 | 78.00 | 83.00 | OK | |
r-oldrel-macos-arm64 | 0.1.1 | 16.00 | OK | |||
r-oldrel-macos-x86_64 | 0.1.1 | 23.00 | OK | |||
r-oldrel-windows-x86_64 | 0.1.1 | 6.00 | 50.00 | 56.00 | OK |
Version: 0.1.1
Check: dependencies in R code
Result: NOTE
Namespaces in Imports field not imported from:
‘R6’ ‘openssl’
All declared Imports should be used.
Flavors: r-devel-linux-x86_64-fedora-clang, r-devel-linux-x86_64-fedora-gcc