Last updated on 2025-07-19 04:49:30 CEST.
Flavor | Version | Tinstall | Tcheck | Ttotal | Status | Flags |
---|---|---|---|---|---|---|
r-devel-linux-x86_64-debian-clang | 1.10.0 | 62.13 | 40.11 | 102.24 | OK | |
r-devel-linux-x86_64-debian-gcc | 1.10.0 | 44.94 | 31.29 | 76.23 | OK | |
r-devel-linux-x86_64-fedora-clang | 1.10.0 | 177.56 | OK | |||
r-devel-linux-x86_64-fedora-gcc | 1.10.0 | 192.96 | OK | |||
r-devel-windows-x86_64 | 1.10.0 | 71.00 | 78.00 | 149.00 | OK | |
r-patched-linux-x86_64 | 1.10.0 | 62.56 | 37.33 | 99.89 | OK | |
r-release-linux-x86_64 | 1.10.0 | 62.98 | 38.33 | 101.31 | OK | |
r-release-macos-arm64 | 1.10.0 | 76.00 | OK | |||
r-release-macos-x86_64 | 1.10.0 | 138.00 | OK | |||
r-release-windows-x86_64 | 1.10.0 | 68.00 | 78.00 | 146.00 | OK | |
r-oldrel-macos-arm64 | 1.10.0 | 58.00 | NOTE | |||
r-oldrel-macos-x86_64 | 1.10.0 | 110.00 | NOTE | |||
r-oldrel-windows-x86_64 | 1.10.0 | 89.00 | 95.00 | 184.00 | OK |
Version: 1.10.0
Check: installed package size
Result: NOTE
installed size is 7.2Mb
sub-directories of 1Mb or more:
doc 1.1Mb
libs 5.8Mb
Flavors: r-oldrel-macos-arm64, r-oldrel-macos-x86_64