Last updated on 2025-07-17 04:54:47 CEST.
Flavor | Version | Tinstall | Tcheck | Ttotal | Status | Flags |
---|---|---|---|---|---|---|
r-devel-linux-x86_64-debian-clang | 0.2.0 | 267.15 | 223.97 | 491.12 | OK | |
r-devel-linux-x86_64-debian-gcc | 0.2.0 | 238.40 | 171.85 | 410.25 | OK | |
r-devel-linux-x86_64-fedora-clang | 0.2.0 | 729.27 | OK | |||
r-devel-linux-x86_64-fedora-gcc | 0.2.0 | 928.20 | OK | |||
r-devel-windows-x86_64 | 0.2.0 | 278.00 | 274.00 | 552.00 | OK | |
r-patched-linux-x86_64 | 0.2.0 | 293.76 | 236.65 | 530.41 | OK | |
r-release-linux-x86_64 | 0.2.0 | 301.27 | 238.53 | 539.80 | OK | |
r-release-macos-arm64 | 0.1.1 | 176.00 | OK | |||
r-release-macos-x86_64 | 0.2.0 | 332.00 | OK | |||
r-release-windows-x86_64 | 0.2.0 | 280.00 | 263.00 | 543.00 | OK | |
r-oldrel-macos-arm64 | 0.1.1 | 186.00 | NOTE | |||
r-oldrel-macos-x86_64 | 0.2.0 | 335.00 | NOTE | |||
r-oldrel-windows-x86_64 | 0.2.0 | 215.00 | 347.00 | 562.00 | OK |
Version: 0.1.1
Check: installed package size
Result: NOTE
installed size is 84.2Mb
sub-directories of 1Mb or more:
libs 83.7Mb
Flavor: r-oldrel-macos-arm64
Version: 0.1.1
Check: for GNU extensions in Makefiles
Result: NOTE
GNU make is a SystemRequirements.
Flavor: r-oldrel-macos-arm64
Version: 0.2.0
Check: installed package size
Result: NOTE
installed size is 84.5Mb
sub-directories of 1Mb or more:
libs 84.0Mb
Flavor: r-oldrel-macos-x86_64
Version: 0.2.0
Check: for GNU extensions in Makefiles
Result: NOTE
GNU make is a SystemRequirements.
Flavor: r-oldrel-macos-x86_64