Last updated on 2025-07-17 04:54:47 CEST.
Flavor | Version | Tinstall | Tcheck | Ttotal | Status | Flags |
---|---|---|---|---|---|---|
r-devel-linux-x86_64-debian-clang | 1.2.1 | 5.96 | 597.88 | 603.84 | OK | |
r-devel-linux-x86_64-debian-gcc | 1.2.1 | 4.97 | 406.09 | 411.06 | OK | |
r-devel-linux-x86_64-fedora-clang | 1.2.1 | 707.07 | OK | |||
r-devel-linux-x86_64-fedora-gcc | 1.2.1 | 891.07 | OK | |||
r-devel-windows-x86_64 | 1.2.1 | 8.00 | 579.00 | 587.00 | OK | |
r-patched-linux-x86_64 | 1.2.1 | 6.90 | 580.14 | 587.04 | OK | |
r-release-linux-x86_64 | 1.2.1 | 6.80 | 565.17 | 571.97 | OK | |
r-release-macos-arm64 | 1.2.1 | 182.00 | OK | |||
r-release-macos-x86_64 | 1.2.1 | 438.00 | OK | |||
r-release-windows-x86_64 | 1.2.1 | 10.00 | 568.00 | 578.00 | OK | |
r-oldrel-macos-arm64 | 1.2.1 | 182.00 | NOTE | |||
r-oldrel-macos-x86_64 | 1.2.1 | 474.00 | NOTE | |||
r-oldrel-windows-x86_64 | 1.2.1 | 11.00 | 770.00 | 781.00 | OK |
Version: 1.2.1
Check: package dependencies
Result: NOTE
Package suggested but not available for checking: ‘MicrobiotaProcess’
Flavor: r-oldrel-macos-arm64
Version: 1.2.1
Check: package dependencies
Result: NOTE
Packages suggested but not available for checking:
'MicrobiotaProcess', 'TreeSummarizedExperiment'
Flavor: r-oldrel-macos-x86_64