Last updated on 2025-10-29 03:52:05 CET.
| Flavor | Version | Tinstall | Tcheck | Ttotal | Status | Flags |
|---|---|---|---|---|---|---|
| r-devel-linux-x86_64-debian-clang | 1.3.2 | 5.46 | 396.59 | 402.05 | OK | |
| r-devel-linux-x86_64-debian-gcc | 1.3.2 | 4.28 | 258.59 | 262.87 | OK | |
| r-devel-linux-x86_64-fedora-clang | 1.3.2 | 58.00 | 581.64 | 639.64 | OK | |
| r-devel-linux-x86_64-fedora-gcc | 1.3.2 | 30.00 | 653.09 | 683.09 | OK | |
| r-devel-windows-x86_64 | 1.3.2 | 10.00 | 375.00 | 385.00 | OK | |
| r-patched-linux-x86_64 | 1.3.2 | 5.80 | 384.30 | 390.10 | OK | |
| r-release-linux-x86_64 | 1.3.2 | 5.64 | 382.53 | 388.17 | OK | |
| r-release-macos-arm64 | 1.3.2 | 3.00 | 108.00 | 111.00 | OK | |
| r-release-macos-x86_64 | 1.3.2 | 7.00 | 229.00 | 236.00 | OK | |
| r-release-windows-x86_64 | 1.3.2 | 9.00 | 369.00 | 378.00 | OK | |
| r-oldrel-macos-arm64 | 1.3.2 | 4.00 | 129.00 | 133.00 | OK | |
| r-oldrel-macos-x86_64 | 1.3.2 | 7.00 | 239.00 | 246.00 | NOTE | |
| r-oldrel-windows-x86_64 | 1.3.2 | 12.00 | 507.00 | 519.00 | OK |
Version: 1.3.2
Check: package dependencies
Result: NOTE
Package suggested but not available for checking: ‘TreeSummarizedExperiment’
Flavor: r-oldrel-macos-x86_64