CRAN Package Check Results for Package pathfindR

Last updated on 2025-07-19 04:49:30 CEST.

Flavor Version Tinstall Tcheck Ttotal Status Flags
r-devel-linux-x86_64-debian-clang 2.5.1 11.29 257.37 268.66 OK
r-devel-linux-x86_64-debian-gcc 2.5.1 7.32 171.87 179.19 OK
r-devel-linux-x86_64-fedora-clang 2.5.1 302.37 OK
r-devel-linux-x86_64-fedora-gcc 2.5.1 316.54 OK
r-devel-windows-x86_64 2.5.0 14.00 262.00 276.00 OK
r-patched-linux-x86_64 2.5.1 12.14 239.92 252.06 OK
r-release-linux-x86_64 2.5.0 11.06 241.07 252.13 OK
r-release-macos-arm64 2.5.1 5.00 ERROR
r-release-macos-x86_64 2.5.1 202.00 OK
r-release-windows-x86_64 2.5.1 13.00 265.00 278.00 OK
r-oldrel-macos-arm64 2.5.1 10.00 ERROR
r-oldrel-macos-x86_64 2.5.1 11.00 ERROR
r-oldrel-windows-x86_64 2.5.1 19.00 313.00 332.00 OK

Check Details

Version: 2.5.1
Check: package dependencies
Result: ERROR Package required but not available: ‘org.Hs.eg.db’ See section ‘The DESCRIPTION file’ in the ‘Writing R Extensions’ manual. Flavor: r-release-macos-arm64

Version: 2.5.1
Check: package dependencies
Result: ERROR Package required and available but unsuitable version: ‘ggkegg’ See section ‘The DESCRIPTION file’ in the ‘Writing R Extensions’ manual. Flavor: r-oldrel-macos-arm64

Version: 2.5.1
Check: package dependencies
Result: ERROR Package required but not available: ‘ggkegg’ See section ‘The DESCRIPTION file’ in the ‘Writing R Extensions’ manual. Flavor: r-oldrel-macos-x86_64