Last updated on 2025-07-19 04:49:31 CEST.
Flavor | Version | Tinstall | Tcheck | Ttotal | Status | Flags |
---|---|---|---|---|---|---|
r-devel-linux-x86_64-debian-clang | 0.0.1 | 59.21 | 111.69 | 170.90 | NOTE | |
r-devel-linux-x86_64-debian-gcc | 0.0.1 | 41.53 | 77.98 | 119.51 | NOTE | |
r-devel-linux-x86_64-fedora-clang | 0.0.1 | 270.71 | NOTE | |||
r-devel-linux-x86_64-fedora-gcc | 0.0.1 | 251.71 | NOTE | |||
r-devel-windows-x86_64 | 0.0.1 | 56.00 | 126.00 | 182.00 | NOTE | |
r-patched-linux-x86_64 | 0.0.1 | 53.93 | 104.63 | 158.56 | NOTE | |
r-release-linux-x86_64 | 0.0.1 | 54.83 | 104.17 | 159.00 | NOTE | |
r-release-macos-arm64 | 0.0.1 | 76.00 | NOTE | |||
r-release-macos-x86_64 | 0.0.1 | 176.00 | NOTE | |||
r-release-windows-x86_64 | 0.0.1 | 58.00 | 121.00 | 179.00 | NOTE | |
r-oldrel-macos-arm64 | 0.0.1 | 68.00 | NOTE | |||
r-oldrel-macos-x86_64 | 0.0.1 | 89.00 | NOTE | |||
r-oldrel-windows-x86_64 | 0.0.1 | 70.00 | 156.00 | 226.00 | NOTE |
Version: 0.0.1
Check: CRAN incoming feasibility
Result: NOTE
Maintainer: ‘Jared Huling <jaredhuling@gmail.com>’
Package CITATION file contains call(s) to old-style citEntry(). Please
use bibentry() instead.
Flavors: r-devel-linux-x86_64-debian-clang, r-devel-linux-x86_64-debian-gcc
Version: 0.0.1
Check: C++ specification
Result: NOTE
Specified C++11: please drop specification unless essential
Flavors: r-devel-linux-x86_64-debian-clang, r-devel-linux-x86_64-debian-gcc, r-devel-linux-x86_64-fedora-clang, r-devel-linux-x86_64-fedora-gcc, r-devel-windows-x86_64, r-patched-linux-x86_64, r-release-linux-x86_64, r-release-macos-arm64, r-release-macos-x86_64, r-release-windows-x86_64, r-oldrel-macos-arm64, r-oldrel-macos-x86_64, r-oldrel-windows-x86_64
Version: 0.0.1
Check: installed package size
Result: NOTE
installed size is 11.2Mb
sub-directories of 1Mb or more:
libs 10.9Mb
Flavors: r-oldrel-macos-arm64, r-oldrel-macos-x86_64
Version: 0.0.1
Check: LazyData
Result: NOTE
'LazyData' is specified without a 'data' directory
Flavors: r-oldrel-macos-arm64, r-oldrel-macos-x86_64, r-oldrel-windows-x86_64