Last updated on 2025-07-17 04:54:47 CEST.
Flavor | Version | Tinstall | Tcheck | Ttotal | Status | Flags |
---|---|---|---|---|---|---|
r-devel-linux-x86_64-debian-clang | 0.1.3 | 5.24 | 51.57 | 56.81 | NOTE | |
r-devel-linux-x86_64-debian-gcc | 0.1.3 | 4.16 | 37.00 | 41.16 | NOTE | |
r-devel-linux-x86_64-fedora-clang | 0.1.3 | 81.93 | OK | |||
r-devel-linux-x86_64-fedora-gcc | 0.1.3 | 93.54 | OK | |||
r-devel-windows-x86_64 | 0.1.3 | 7.00 | 66.00 | 73.00 | OK | |
r-patched-linux-x86_64 | 0.1.3 | 5.00 | 46.89 | 51.89 | OK | |
r-release-linux-x86_64 | 0.1.3 | 5.23 | 47.37 | 52.60 | OK | |
r-release-macos-arm64 | 0.1.3 | 32.00 | OK | |||
r-release-macos-x86_64 | 0.1.3 | 61.00 | OK | |||
r-release-windows-x86_64 | 0.1.3 | 7.00 | 67.00 | 74.00 | OK | |
r-oldrel-macos-arm64 | 0.1.3 | 30.00 | OK | |||
r-oldrel-macos-x86_64 | 0.1.3 | 49.00 | OK | |||
r-oldrel-windows-x86_64 | 0.1.3 | 8.00 | 80.00 | 88.00 | OK |
Version: 0.1.3
Check: CRAN incoming feasibility
Result: NOTE
Maintainer: ‘KM Gates <gateskm@email.unc.edu>’
No Authors@R field in DESCRIPTION.
Please add one, modifying
Authors@R: c(person(given = "KM",
family = "Gates",
role = c("aut", "cre"),
email = "gateskm@email.unc.edu"),
person(given = "Zachary",
family = "Fisher",
role = "aut"),
person(given = "Cara",
family = "Arizmendi",
role = "aut"))
as necessary.
Flavors: r-devel-linux-x86_64-debian-clang, r-devel-linux-x86_64-debian-gcc