Last updated on 2025-05-23 04:51:16 CEST.
Flavor | Version | Tinstall | Tcheck | Ttotal | Status | Flags |
---|---|---|---|---|---|---|
r-devel-linux-x86_64-debian-clang | 1.4.0 | 13.01 | 105.11 | 118.12 | OK | |
r-devel-linux-x86_64-debian-gcc | 1.4.0 | 8.81 | 75.90 | 84.71 | OK | |
r-devel-linux-x86_64-fedora-clang | 1.7.2 | 192.66 | OK | |||
r-devel-linux-x86_64-fedora-gcc | 1.4.0 | 173.67 | OK | |||
r-devel-windows-x86_64 | 1.4.0 | 18.00 | 182.00 | 200.00 | OK | |
r-patched-linux-x86_64 | 1.4.0 | 13.99 | 98.82 | 112.81 | OK | |
r-release-linux-x86_64 | 1.4.0 | 10.34 | 99.07 | 109.41 | OK | |
r-release-macos-arm64 | 1.7.2 | 52.00 | OK | |||
r-release-macos-x86_64 | 1.4.0 | 110.00 | OK | |||
r-release-windows-x86_64 | 1.7.2 | 18.00 | 183.00 | 201.00 | OK | |
r-oldrel-macos-arm64 | 1.7.2 | 54.00 | OK | |||
r-oldrel-macos-x86_64 | 1.7.2 | 98.00 | ERROR | |||
r-oldrel-windows-x86_64 | 1.4.0 | 20.00 | 202.00 | 222.00 | OK |
Version: 1.7.2
Check: whether package can be installed
Result: ERROR
Installation failed.
Flavor: r-oldrel-macos-x86_64