Last updated on 2025-07-19 04:49:31 CEST.
Flavor | Version | Tinstall | Tcheck | Ttotal | Status | Flags |
---|---|---|---|---|---|---|
r-devel-linux-x86_64-debian-clang | 1.1.0 | 116.71 | 155.41 | 272.12 | OK | |
r-devel-linux-x86_64-debian-gcc | 1.1.0 | 89.57 | 107.96 | 197.53 | OK | |
r-devel-linux-x86_64-fedora-clang | 1.1.0 | 724.12 | OK | |||
r-devel-linux-x86_64-fedora-gcc | 1.1.0 | 826.08 | OK | |||
r-devel-windows-x86_64 | 1.1.0 | 133.00 | 186.00 | 319.00 | OK | |
r-patched-linux-x86_64 | 1.1.0 | 130.27 | 143.52 | 273.79 | OK | |
r-release-linux-x86_64 | 1.1.0 | 122.17 | 142.95 | 265.12 | OK | |
r-release-macos-arm64 | 1.1.0 | 116.00 | OK | |||
r-release-macos-x86_64 | 1.1.0 | 185.00 | OK | |||
r-release-windows-x86_64 | 1.1.0 | 124.00 | 183.00 | 307.00 | OK | |
r-oldrel-macos-arm64 | 1.1.0 | 109.00 | NOTE | |||
r-oldrel-macos-x86_64 | 1.1.0 | 130.00 | NOTE | |||
r-oldrel-windows-x86_64 | 1.1.0 | 158.00 | 222.00 | 380.00 | OK |
Version: 1.1.0
Check: package dependencies
Result: NOTE
Package suggested but not available for checking: ‘INLA’
Flavors: r-oldrel-macos-arm64, r-oldrel-macos-x86_64
Version: 1.1.0
Check: installed package size
Result: NOTE
installed size is 12.1Mb
sub-directories of 1Mb or more:
doc 2.0Mb
libs 9.6Mb
Flavors: r-oldrel-macos-arm64, r-oldrel-macos-x86_64