CRAN Package Check Results for Package planscorer

Last updated on 2025-05-23 04:51:16 CEST.

Flavor Version Tinstall Tcheck Ttotal Status Flags
r-devel-linux-x86_64-debian-clang 0.0.2 2.60 30.28 32.88 NOTE
r-devel-linux-x86_64-debian-gcc 0.0.2 1.93 24.54 26.47 NOTE
r-devel-linux-x86_64-fedora-clang 0.0.2 49.66 NOTE
r-devel-linux-x86_64-fedora-gcc 0.0.2 47.32 NOTE
r-devel-windows-x86_64 0.0.2 6.00 59.00 65.00 NOTE
r-patched-linux-x86_64 0.0.2 2.81 28.02 30.83 NOTE
r-release-linux-x86_64 0.0.2 2.57 27.92 30.49 NOTE
r-release-macos-arm64 0.0.2 36.00 NOTE
r-release-macos-x86_64 0.0.2 47.00 NOTE
r-release-windows-x86_64 0.0.2 6.00 60.00 66.00 NOTE
r-oldrel-macos-arm64 0.0.2 33.00 OK
r-oldrel-macos-x86_64 0.0.2 42.00 OK
r-oldrel-windows-x86_64 0.0.2 5.00 63.00 68.00 OK

Check Details

Version: 0.0.2
Check: DESCRIPTION meta-information
Result: NOTE Missing dependency on R >= 4.1.0 because package code uses the pipe |> or function shorthand \(...) syntax added in R 4.1.0. File(s) using such syntax: ‘ingest.R’ ‘model_versions.R’ ‘supported_states.R’ ‘upload.R’ Flavors: r-devel-linux-x86_64-debian-clang, r-devel-linux-x86_64-debian-gcc, r-devel-linux-x86_64-fedora-clang, r-devel-linux-x86_64-fedora-gcc, r-devel-windows-x86_64, r-patched-linux-x86_64, r-release-linux-x86_64, r-release-macos-arm64, r-release-macos-x86_64, r-release-windows-x86_64