CRAN Package Check Results for Package pollen

Last updated on 2025-07-18 04:49:16 CEST.

Flavor Version Tinstall Tcheck Ttotal Status Flags
r-devel-linux-x86_64-debian-clang 0.82.0 5.59 55.28 60.87 NOTE
r-devel-linux-x86_64-debian-gcc 0.82.0 4.06 42.30 46.36 NOTE
r-devel-linux-x86_64-fedora-clang 0.82.0 93.98 OK
r-devel-linux-x86_64-fedora-gcc 0.82.0 101.89 OK
r-devel-windows-x86_64 0.82.0 8.00 71.00 79.00 OK
r-patched-linux-x86_64 0.82.0 4.35 50.60 54.95 OK
r-release-linux-x86_64 0.82.0 4.76 50.97 55.73 OK
r-release-macos-arm64 0.82.0 41.00 OK
r-release-macos-x86_64 0.82.0 63.00 OK
r-release-windows-x86_64 0.82.0 7.00 68.00 75.00 OK
r-oldrel-macos-arm64 0.82.0 35.00 OK
r-oldrel-macos-x86_64 0.82.0 54.00 OK
r-oldrel-windows-x86_64 0.82.0 10.00 81.00 91.00 OK

Check Details

Version: 0.82.0
Check: CRAN incoming feasibility
Result: NOTE Maintainer: ‘Jakub Nowosad <nowosad.jakub@gmail.com>’ Package CITATION file contains call(s) to old-style citEntry(). Please use bibentry() instead. Flavors: r-devel-linux-x86_64-debian-clang, r-devel-linux-x86_64-debian-gcc