Last updated on 2025-05-23 04:51:16 CEST.
Flavor | Version | Tinstall | Tcheck | Ttotal | Status | Flags |
---|---|---|---|---|---|---|
r-devel-linux-x86_64-debian-clang | 2.0.0 | 49.81 | 137.59 | 187.40 | OK | |
r-devel-linux-x86_64-debian-gcc | 2.0.0 | 40.65 | 99.21 | 139.86 | OK | |
r-devel-linux-x86_64-fedora-clang | 2.0.0 | 345.60 | OK | |||
r-devel-linux-x86_64-fedora-gcc | 2.0.0 | 345.98 | OK | |||
r-devel-windows-x86_64 | 2.0.0 | 60.00 | 174.00 | 234.00 | OK | |
r-patched-linux-x86_64 | 2.0.0 | 61.16 | 130.76 | 191.92 | OK | |
r-release-linux-x86_64 | 2.0.0 | 57.02 | 130.15 | 187.17 | OK | |
r-release-macos-arm64 | 2.0.0 | 97.00 | OK | |||
r-release-macos-x86_64 | 2.0.0 | 165.00 | OK | |||
r-release-windows-x86_64 | 2.0.0 | 67.00 | 178.00 | 245.00 | OK | |
r-oldrel-macos-arm64 | 2.0.0 | 95.00 | NOTE | |||
r-oldrel-macos-x86_64 | 2.0.0 | 129.00 | NOTE | |||
r-oldrel-windows-x86_64 | 2.0.0 | 53.00 | 219.00 | 272.00 | NOTE |
Version: 2.0.0
Check: installed package size
Result: NOTE
installed size is 7.1Mb
sub-directories of 1Mb or more:
extdata 2.8Mb
libs 2.8Mb
Flavors: r-oldrel-macos-arm64, r-oldrel-macos-x86_64, r-oldrel-windows-x86_64