Last updated on 2025-07-17 04:54:48 CEST.
Flavor | Version | Tinstall | Tcheck | Ttotal | Status | Flags |
---|---|---|---|---|---|---|
r-devel-linux-x86_64-debian-clang | 0.1.3 | 82.03 | 49.35 | 131.38 | OK | |
r-devel-linux-x86_64-debian-gcc | 0.1.3 | 66.50 | 52.30 | 118.80 | OK | |
r-devel-linux-x86_64-fedora-clang | 0.1.3 | 230.76 | OK | |||
r-devel-linux-x86_64-fedora-gcc | 0.1.3 | 235.77 | OK | |||
r-devel-windows-x86_64 | 0.1.3 | 85.00 | 93.00 | 178.00 | OK | |
r-patched-linux-x86_64 | 0.1.3 | 87.08 | 51.95 | 139.03 | OK | |
r-release-linux-x86_64 | 0.1.3 | 90.24 | 51.93 | 142.17 | OK | |
r-release-macos-arm64 | 0.1.3 | 69.00 | OK | |||
r-release-macos-x86_64 | 0.1.3 | 86.00 | OK | |||
r-release-windows-x86_64 | 0.1.3 | 88.00 | 90.00 | 178.00 | OK | |
r-oldrel-macos-arm64 | 0.1.3 | 74.00 | NOTE | |||
r-oldrel-macos-x86_64 | 0.1.3 | 77.00 | NOTE | |||
r-oldrel-windows-x86_64 | 0.1.3 | 100.00 | 108.00 | 208.00 | OK |
Version: 0.1.3
Check: installed package size
Result: NOTE
installed size is 19.4Mb
sub-directories of 1Mb or more:
libs 19.0Mb
Flavors: r-oldrel-macos-arm64, r-oldrel-macos-x86_64