CRAN Package Check Results for Package portfolio.optimization

Last updated on 2025-07-19 04:49:31 CEST.

Flavor Version Tinstall Tcheck Ttotal Status Flags
r-devel-linux-x86_64-debian-clang 1.0-0 4.30 420.42 424.72 NOTE
r-devel-linux-x86_64-debian-gcc 1.0-0 3.02 259.00 262.02 NOTE
r-devel-linux-x86_64-fedora-clang 1.0-0 628.45 NOTE
r-devel-linux-x86_64-fedora-gcc 1.0-0 666.74 NOTE
r-devel-windows-x86_64 1.0-0 79.00 304.00 383.00 NOTE
r-patched-linux-x86_64 1.0-0 4.56 391.31 395.87 NOTE
r-release-linux-x86_64 1.0-0 4.65 390.37 395.02 NOTE
r-release-macos-arm64 1.0-0 208.00 NOTE
r-release-macos-x86_64 1.0-0 421.00 NOTE
r-release-windows-x86_64 1.0-0 80.00 296.00 376.00 NOTE
r-oldrel-macos-arm64 1.0-0 181.00 NOTE
r-oldrel-macos-x86_64 1.0-0 298.00 NOTE
r-oldrel-windows-x86_64 1.0-0 113.00 407.00 520.00 NOTE

Check Details

Version: 1.0-0
Check: package subdirectories
Result: NOTE Problems with news in ‘NEWS.md’: No news entries found. Flavors: r-devel-linux-x86_64-debian-clang, r-devel-linux-x86_64-debian-gcc, r-devel-linux-x86_64-fedora-clang, r-devel-linux-x86_64-fedora-gcc, r-devel-windows-x86_64, r-patched-linux-x86_64, r-release-linux-x86_64, r-release-macos-arm64, r-release-macos-x86_64, r-release-windows-x86_64, r-oldrel-macos-arm64, r-oldrel-macos-x86_64, r-oldrel-windows-x86_64