Last updated on 2025-05-23 04:51:16 CEST.
Flavor | Version | Tinstall | Tcheck | Ttotal | Status | Flags |
---|---|---|---|---|---|---|
r-devel-linux-x86_64-debian-clang | 2.0.1 | 14.88 | 40.96 | 55.84 | OK | |
r-devel-linux-x86_64-debian-gcc | 2.0.1 | 11.81 | 33.63 | 45.44 | OK | |
r-devel-linux-x86_64-fedora-clang | 2.0.1 | 89.69 | OK | |||
r-devel-linux-x86_64-fedora-gcc | 2.0.1 | 98.38 | OK | |||
r-devel-windows-x86_64 | 2.0.1 | 19.00 | 95.00 | 114.00 | OK | |
r-patched-linux-x86_64 | 2.0.1 | 14.45 | 39.21 | 53.66 | OK | |
r-release-linux-x86_64 | 2.0.1 | 15.10 | 39.39 | 54.49 | OK | |
r-release-macos-arm64 | 2.0.1 | 45.00 | OK | |||
r-release-macos-x86_64 | 2.0.1 | 72.00 | OK | |||
r-release-windows-x86_64 | 2.0.1 | 19.00 | 92.00 | 111.00 | OK | |
r-oldrel-macos-arm64 | 2.0.1 | 44.00 | NOTE | |||
r-oldrel-macos-x86_64 | 2.0.1 | 60.00 | NOTE | |||
r-oldrel-windows-x86_64 | 2.0.1 | 22.00 | 70.00 | 92.00 | OK |
Version: 2.0.1
Check: installed package size
Result: NOTE
installed size is 5.9Mb
sub-directories of 1Mb or more:
R 3.0Mb
data 2.8Mb
Flavors: r-oldrel-macos-arm64, r-oldrel-macos-x86_64