CRAN Package Check Results for Package prettyB

Last updated on 2025-07-19 04:49:32 CEST.

Flavor Version Tinstall Tcheck Ttotal Status Flags
r-devel-linux-x86_64-debian-clang 0.2.2 2.64 36.35 38.99 OK
r-devel-linux-x86_64-debian-gcc 0.2.2 1.82 28.72 30.54 OK
r-devel-linux-x86_64-fedora-clang 0.2.2 55.78 OK
r-devel-linux-x86_64-fedora-gcc 0.2.2 67.48 OK
r-devel-windows-x86_64 0.2.2 4.00 49.00 53.00 OK
r-patched-linux-x86_64 0.2.2 2.46 33.87 36.33 OK
r-release-linux-x86_64 0.2.2 2.43 34.28 36.71 OK
r-release-macos-arm64 0.2.2 25.00 OK
r-release-macos-x86_64 0.2.2 49.00 OK
r-release-windows-x86_64 0.2.2 4.00 48.00 52.00 OK
r-oldrel-macos-arm64 0.2.2 24.00 NOTE
r-oldrel-macos-x86_64 0.2.2 36.00 NOTE
r-oldrel-windows-x86_64 0.2.2 5.00 57.00 62.00 NOTE

Check Details

Version: 0.2.2
Check: LazyData
Result: NOTE 'LazyData' is specified without a 'data' directory Flavors: r-oldrel-macos-arm64, r-oldrel-macos-x86_64, r-oldrel-windows-x86_64