CRAN Package Check Results for Package prettycode

Last updated on 2025-07-18 04:49:17 CEST.

Flavor Version Tinstall Tcheck Ttotal Status Flags
r-devel-linux-x86_64-debian-clang 1.1.0 2.11 21.94 24.05 NOTE
r-devel-linux-x86_64-debian-gcc 1.1.0 1.70 18.05 19.75 NOTE
r-devel-linux-x86_64-fedora-clang 1.1.0 37.26 OK
r-devel-linux-x86_64-fedora-gcc 1.1.0 35.04 OK
r-devel-windows-x86_64 1.1.0 4.00 43.00 47.00 OK
r-patched-linux-x86_64 1.1.0 2.06 20.91 22.97 OK
r-release-linux-x86_64 1.1.0 1.90 21.03 22.93 OK
r-release-macos-arm64 1.1.0 18.00 OK
r-release-macos-x86_64 1.1.0 25.00 OK
r-release-windows-x86_64 1.1.0 5.00 44.00 49.00 OK
r-oldrel-macos-arm64 1.1.0 20.00 NOTE
r-oldrel-macos-x86_64 1.1.0 23.00 NOTE
r-oldrel-windows-x86_64 1.1.0 5.00 47.00 52.00 NOTE

Check Details

Version: 1.1.0
Check: CRAN incoming feasibility
Result: NOTE Maintainer: ‘Gábor Csárdi <csardi.gabor@gmail.com>’ No Authors@R field in DESCRIPTION. Please add one, modifying Authors@R: person(given = "Gábor", family = "Csárdi", role = c("aut", "cre"), email = "csardi.gabor@gmail.com") as necessary. Flavors: r-devel-linux-x86_64-debian-clang, r-devel-linux-x86_64-debian-gcc

Version: 1.1.0
Check: LazyData
Result: NOTE 'LazyData' is specified without a 'data' directory Flavors: r-oldrel-macos-arm64, r-oldrel-macos-x86_64, r-oldrel-windows-x86_64