CRAN Package Check Results for Package prettydoc

Last updated on 2025-07-17 04:54:48 CEST.

Flavor Version Tinstall Tcheck Ttotal Status Flags
r-devel-linux-x86_64-debian-clang 0.4.1 2.68 40.38 43.06 OK
r-devel-linux-x86_64-debian-gcc 0.4.1 1.97 32.50 34.47 OK
r-devel-linux-x86_64-fedora-clang 0.4.1 65.47 OK
r-devel-linux-x86_64-fedora-gcc 0.4.1 76.82 OK
r-devel-windows-x86_64 0.4.1 5.00 64.00 69.00 OK
r-patched-linux-x86_64 0.4.1 2.70 38.60 41.30 OK
r-release-linux-x86_64 0.4.1 2.77 38.18 40.95 OK
r-release-macos-arm64 0.4.1 38.00 OK
r-release-macos-x86_64 0.4.1 63.00 OK
r-release-windows-x86_64 0.4.1 5.00 64.00 69.00 OK
r-oldrel-macos-arm64 0.4.1 34.00 NOTE
r-oldrel-macos-x86_64 0.4.1 47.00 NOTE
r-oldrel-windows-x86_64 0.4.1 5.00 74.00 79.00 NOTE

Check Details

Version: 0.4.1
Check: LazyData
Result: NOTE 'LazyData' is specified without a 'data' directory Flavors: r-oldrel-macos-arm64, r-oldrel-macos-x86_64, r-oldrel-windows-x86_64