Last updated on 2025-05-23 04:51:16 CEST.
Flavor | Version | Tinstall | Tcheck | Ttotal | Status | Flags |
---|---|---|---|---|---|---|
r-devel-linux-x86_64-debian-clang | 1.3.0 | 8.28 | 100.48 | 108.76 | NOTE | |
r-devel-linux-x86_64-debian-gcc | 1.3.0 | 6.20 | 74.18 | 80.38 | NOTE | |
r-devel-linux-x86_64-fedora-clang | 1.3.0 | 173.06 | OK | |||
r-devel-linux-x86_64-fedora-gcc | 1.3.0 | 177.93 | OK | |||
r-devel-windows-x86_64 | 1.3.0 | 11.00 | 109.00 | 120.00 | NOTE | |
r-patched-linux-x86_64 | 1.3.0 | 8.49 | 96.36 | 104.85 | NOTE | |
r-release-linux-x86_64 | 1.3.0 | 7.53 | 97.83 | 105.36 | NOTE | |
r-release-macos-arm64 | 1.3.0 | 55.00 | OK | |||
r-release-macos-x86_64 | 1.3.0 | 99.00 | OK | |||
r-release-windows-x86_64 | 1.3.0 | 12.00 | 107.00 | 119.00 | NOTE | |
r-oldrel-macos-arm64 | 1.3.0 | 55.00 | OK | |||
r-oldrel-macos-x86_64 | 1.3.0 | 83.00 | OK | |||
r-oldrel-windows-x86_64 | 1.3.0 | 13.00 | 124.00 | 137.00 | OK |
Version: 1.3.0
Check: Rd cross-references
Result: NOTE
Found the following Rd file(s) with Rd \link{} targets missing package
anchors:
psm_analysis_weighted.rd: svydesign
Please provide package anchors for all Rd \link{} targets not in the
package itself and the base packages.
Flavors: r-devel-linux-x86_64-debian-clang, r-devel-linux-x86_64-debian-gcc, r-devel-windows-x86_64, r-patched-linux-x86_64, r-release-linux-x86_64, r-release-windows-x86_64