Last updated on 2025-05-23 04:51:17 CEST.
Flavor | Version | Tinstall | Tcheck | Ttotal | Status | Flags |
---|---|---|---|---|---|---|
r-devel-linux-x86_64-debian-clang | 2.0.7 | 75.76 | 123.16 | 198.92 | OK | |
r-devel-linux-x86_64-debian-gcc | 2.0.7 | 55.55 | 87.36 | 142.91 | OK | |
r-devel-linux-x86_64-fedora-clang | 2.0.7 | 341.10 | OK | |||
r-devel-linux-x86_64-fedora-gcc | 2.0.7 | 350.76 | OK | |||
r-devel-windows-x86_64 | 2.0.7 | 83.00 | 143.00 | 226.00 | OK | |
r-patched-linux-x86_64 | 2.0.7 | 69.53 | 110.99 | 180.52 | OK | |
r-release-linux-x86_64 | 2.0.7 | 77.70 | 111.73 | 189.43 | OK | |
r-release-macos-arm64 | 2.0.7 | 90.00 | OK | |||
r-release-macos-x86_64 | 2.0.7 | 138.00 | OK | |||
r-release-windows-x86_64 | 2.0.7 | 84.00 | 140.00 | 224.00 | OK | |
r-oldrel-macos-arm64 | 2.0.7 | 60.00 | NOTE | |||
r-oldrel-macos-x86_64 | 2.0.7 | 141.00 | NOTE | |||
r-oldrel-windows-x86_64 | 2.0.7 | 101.00 | 180.00 | 281.00 | OK |
Version: 2.0.7
Check: installed package size
Result: NOTE
installed size is 6.1Mb
sub-directories of 1Mb or more:
libs 5.5Mb
Flavors: r-oldrel-macos-arm64, r-oldrel-macos-x86_64