Last updated on 2025-07-19 04:49:32 CEST.
Flavor | Version | Tinstall | Tcheck | Ttotal | Status | Flags |
---|---|---|---|---|---|---|
r-devel-linux-x86_64-debian-clang | 0.3.2 | 57.80 | 143.89 | 201.69 | OK | |
r-devel-linux-x86_64-debian-gcc | 0.3.2 | 46.43 | 105.35 | 151.78 | OK | |
r-devel-linux-x86_64-fedora-clang | 0.3.2 | 336.48 | OK | |||
r-devel-linux-x86_64-fedora-gcc | 0.3.2 | 376.82 | OK | |||
r-devel-windows-x86_64 | 0.3.2 | 66.00 | 189.00 | 255.00 | OK | |
r-patched-linux-x86_64 | 0.3.2 | 60.72 | 146.72 | 207.44 | OK | |
r-release-linux-x86_64 | 0.3.2 | 59.63 | 144.10 | 203.73 | OK | |
r-release-macos-arm64 | 0.3.2 | 69.00 | OK | |||
r-release-macos-x86_64 | 0.3.2 | 115.00 | OK | |||
r-release-windows-x86_64 | 0.3.2 | 65.00 | 186.00 | 251.00 | OK | |
r-oldrel-macos-arm64 | 0.3.2 | 62.00 | NOTE | |||
r-oldrel-macos-x86_64 | 0.3.2 | 119.00 | NOTE | |||
r-oldrel-windows-x86_64 | 0.3.2 | 81.00 | 232.00 | 313.00 | OK |
Version: 0.3.2
Check: installed package size
Result: NOTE
installed size is 11.4Mb
sub-directories of 1Mb or more:
libs 10.7Mb
Flavors: r-oldrel-macos-arm64, r-oldrel-macos-x86_64