CRAN Package Check Results for Package psymetadata

Last updated on 2025-07-18 04:49:17 CEST.

Flavor Version Tinstall Tcheck Ttotal Status Flags
r-devel-linux-x86_64-debian-clang 1.0.1 1.94 22.21 24.15 OK
r-devel-linux-x86_64-debian-gcc 1.0.1 1.63 17.96 19.59 OK
r-devel-linux-x86_64-fedora-clang 1.0.1 35.58 NOTE
r-devel-linux-x86_64-fedora-gcc 1.0.1 34.91 NOTE
r-devel-windows-x86_64 1.0.1 3.00 45.00 48.00 OK
r-patched-linux-x86_64 1.0.1 1.80 19.96 21.76 OK
r-release-linux-x86_64 1.0.1 1.30 19.90 21.20 OK
r-release-macos-arm64 1.0.1 17.00 OK
r-release-macos-x86_64 1.0.1 38.00 OK
r-release-windows-x86_64 1.0.1 3.00 45.00 48.00 OK
r-oldrel-macos-arm64 1.0.1 16.00 OK
r-oldrel-macos-x86_64 1.0.1 23.00 OK
r-oldrel-windows-x86_64 1.0.1 4.00 49.00 53.00 OK

Check Details

Version: 1.0.1
Check: dependencies in R code
Result: NOTE Namespace in Imports field not imported from: ‘Rdpack’ All declared Imports should be used. Flavors: r-devel-linux-x86_64-fedora-clang, r-devel-linux-x86_64-fedora-gcc