Last updated on 2025-07-17 04:54:48 CEST.
Flavor | Version | Tinstall | Tcheck | Ttotal | Status | Flags |
---|---|---|---|---|---|---|
r-devel-linux-x86_64-debian-clang | 1.9.8 | 31.30 | 150.16 | 181.46 | NOTE | |
r-devel-linux-x86_64-debian-gcc | 1.9.8 | 21.42 | 98.44 | 119.86 | NOTE | |
r-devel-linux-x86_64-fedora-clang | 1.9.8 | 297.15 | OK | |||
r-devel-linux-x86_64-fedora-gcc | 1.9.8 | 269.54 | OK | |||
r-devel-windows-x86_64 | 1.9.8 | 33.00 | 161.00 | 194.00 | OK | |
r-patched-linux-x86_64 | 1.9.8 | 35.09 | 134.58 | 169.67 | OK | |
r-release-linux-x86_64 | 1.9.8 | 30.91 | 136.47 | 167.38 | OK | |
r-release-macos-arm64 | 1.9.8 | 67.00 | OK | |||
r-release-macos-x86_64 | 1.9.8 | 131.00 | OK | |||
r-release-windows-x86_64 | 1.9.8 | 33.00 | 160.00 | 193.00 | OK | |
r-oldrel-macos-arm64 | 1.9.8 | 68.00 | OK | |||
r-oldrel-macos-x86_64 | 1.9.8 | 109.00 | OK | |||
r-oldrel-windows-x86_64 | 1.9.8 | 44.00 | 208.00 | 252.00 | OK |
Version: 1.9.8
Check: CRAN incoming feasibility
Result: NOTE
Maintainer: ‘Sacha Epskamp <mail@sachaepskamp.com>’
The BugReports field in DESCRIPTION has
https://github.com/SachaEpskamp/qgraph
which should likely be
https://github.com/SachaEpskamp/qgraph/issues
instead.
Flavors: r-devel-linux-x86_64-debian-clang, r-devel-linux-x86_64-debian-gcc