Last updated on 2025-07-19 04:49:32 CEST.
Flavor | Version | Tinstall | Tcheck | Ttotal | Status | Flags |
---|---|---|---|---|---|---|
r-devel-linux-x86_64-debian-clang | 1.4-2 | 15.43 | 128.31 | 143.74 | OK | |
r-devel-linux-x86_64-debian-gcc | 1.4-2 | 11.76 | 88.73 | 100.49 | OK | |
r-devel-linux-x86_64-fedora-clang | 1.4-2 | 235.53 | OK | |||
r-devel-linux-x86_64-fedora-gcc | 1.4-2 | 211.87 | OK | |||
r-devel-windows-x86_64 | 1.4-2 | 21.00 | 156.00 | 177.00 | OK | |
r-patched-linux-x86_64 | 1.4-2 | 17.06 | 121.57 | 138.63 | OK | |
r-release-linux-x86_64 | 1.4-2 | 14.96 | 122.39 | 137.35 | OK | |
r-release-macos-arm64 | 1.4-2 | 60.00 | OK | |||
r-release-macos-x86_64 | 1.4-2 | 127.00 | OK | |||
r-release-windows-x86_64 | 1.4-2 | 20.00 | 151.00 | 171.00 | OK | |
r-oldrel-macos-arm64 | 1.4-2 | 64.00 | NOTE | |||
r-oldrel-macos-x86_64 | 1.4-2 | 184.00 | NOTE | |||
r-oldrel-windows-x86_64 | 1.4-2 | 26.00 | 198.00 | 224.00 | OK |
Version: 1.4-2
Check: installed package size
Result: NOTE
installed size is 5.0Mb
sub-directories of 1Mb or more:
data 3.7Mb
Flavors: r-oldrel-macos-arm64, r-oldrel-macos-x86_64