Last updated on 2025-05-23 04:51:17 CEST.
Flavor | Version | Tinstall | Tcheck | Ttotal | Status | Flags |
---|---|---|---|---|---|---|
r-devel-linux-x86_64-debian-clang | 0.36 | 462.73 | 206.59 | 669.32 | OK | |
r-devel-linux-x86_64-debian-gcc | 0.36 | 369.54 | 143.67 | 513.21 | OK | |
r-devel-linux-x86_64-fedora-clang | 0.36 | 1340.81 | OK | |||
r-devel-linux-x86_64-fedora-gcc | 0.36 | 1541.72 | OK | |||
r-devel-windows-x86_64 | 0.36 | 584.00 | 275.00 | 859.00 | OK | |
r-patched-linux-x86_64 | 0.36 | 509.47 | 201.39 | 710.86 | OK | |
r-release-linux-x86_64 | 0.36 | 524.83 | 203.80 | 728.63 | OK | |
r-release-macos-arm64 | 0.36 | 294.00 | OK | |||
r-release-macos-x86_64 | 0.36 | 340.00 | OK | |||
r-release-windows-x86_64 | 0.36 | 590.00 | 309.00 | 899.00 | OK | |
r-oldrel-macos-arm64 | 0.36 | 295.00 | NOTE | |||
r-oldrel-macos-x86_64 | 0.36 | 277.00 | NOTE | |||
r-oldrel-windows-x86_64 | 0.36 | 664.00 | 347.00 | 1011.00 | NOTE |
Version: 0.36
Check: installed package size
Result: NOTE
installed size is 44.5Mb
sub-directories of 1Mb or more:
extdata 3.3Mb
libs 39.9Mb
Flavors: r-oldrel-macos-arm64, r-oldrel-macos-x86_64, r-oldrel-windows-x86_64