Last updated on 2025-07-19 04:49:32 CEST.
Flavor | Version | Tinstall | Tcheck | Ttotal | Status | Flags |
---|---|---|---|---|---|---|
r-devel-linux-x86_64-debian-clang | 1.0 | 4.41 | 41.93 | 46.34 | NOTE | |
r-devel-linux-x86_64-debian-gcc | 1.0 | 4.35 | 41.25 | 45.60 | NOTE | |
r-devel-linux-x86_64-fedora-clang | 1.0 | 79.87 | OK | |||
r-devel-linux-x86_64-fedora-gcc | 1.0 | 72.56 | OK | |||
r-devel-windows-x86_64 | 1.0 | 6.00 | 58.00 | 64.00 | OK | |
r-patched-linux-x86_64 | 1.0 | 4.50 | 34.26 | 38.76 | OK | |
r-release-linux-x86_64 | 1.0 | 4.10 | 34.95 | 39.05 | OK | |
r-release-macos-arm64 | 1.0 | 29.00 | OK | |||
r-release-macos-x86_64 | 1.0 | 51.00 | OK | |||
r-release-windows-x86_64 | 1.0 | 6.00 | 57.00 | 63.00 | OK | |
r-oldrel-macos-arm64 | 1.0 | 29.00 | OK | |||
r-oldrel-macos-x86_64 | 1.0 | 45.00 | OK | |||
r-oldrel-windows-x86_64 | 1.0 | 7.00 | 69.00 | 76.00 | OK |
Version: 1.0
Check: CRAN incoming feasibility
Result: NOTE
Maintainer: ‘Ivan D. Pavicevic <ivanp84@gmail.com>’
No Authors@R field in DESCRIPTION.
Please add one, modifying
Authors@R: person(given = c("Ivan", "D."),
family = "Pavicevic",
role = c("aut", "cre"),
email = "ivanp84@gmail.com")
as necessary.
Flavors: r-devel-linux-x86_64-debian-clang, r-devel-linux-x86_64-debian-gcc