Last updated on 2025-07-17 04:54:49 CEST.
Flavor | Version | Tinstall | Tcheck | Ttotal | Status | Flags |
---|---|---|---|---|---|---|
r-devel-linux-x86_64-debian-clang | 0.2.4 | 73.77 | 203.79 | 277.56 | OK | |
r-devel-linux-x86_64-debian-gcc | 0.2.4 | 50.34 | 146.60 | 196.94 | OK | |
r-devel-linux-x86_64-fedora-clang | 0.2.4 | 455.31 | OK | |||
r-devel-linux-x86_64-fedora-gcc | 0.2.4 | 449.20 | OK | |||
r-devel-windows-x86_64 | 0.2.4 | 77.00 | 187.00 | 264.00 | OK | |
r-patched-linux-x86_64 | 0.2.4 | 74.04 | 189.28 | 263.32 | OK | |
r-release-linux-x86_64 | 0.2.4 | 68.87 | 191.43 | 260.30 | OK | |
r-release-macos-arm64 | 0.2.4 | 150.00 | OK | |||
r-release-macos-x86_64 | 0.2.4 | 222.00 | OK | |||
r-release-windows-x86_64 | 0.2.4 | 71.00 | 187.00 | 258.00 | OK | |
r-oldrel-macos-arm64 | 0.2.4 | 124.00 | NOTE | |||
r-oldrel-macos-x86_64 | 0.2.4 | 174.00 | NOTE | |||
r-oldrel-windows-x86_64 | 0.2.4 | 102.00 | 251.00 | 353.00 | OK |
Version: 0.2.4
Check: installed package size
Result: NOTE
installed size is 6.4Mb
sub-directories of 1Mb or more:
libs 5.4Mb
Flavors: r-oldrel-macos-arm64, r-oldrel-macos-x86_64