Last updated on 2025-05-23 04:51:18 CEST.
Flavor | Version | Tinstall | Tcheck | Ttotal | Status | Flags |
---|---|---|---|---|---|---|
r-devel-linux-x86_64-debian-clang | 0.2.3 | 3.43 | 46.73 | 50.16 | NOTE | |
r-devel-linux-x86_64-debian-gcc | 0.2.3 | 2.64 | 37.44 | 40.08 | NOTE | |
r-devel-linux-x86_64-fedora-clang | 0.2.3 | 78.61 | NOTE | |||
r-devel-linux-x86_64-fedora-gcc | 0.2.3 | 92.52 | NOTE | |||
r-devel-windows-x86_64 | 0.2.3 | 7.00 | 97.00 | 104.00 | NOTE | |
r-patched-linux-x86_64 | 0.2.3 | 3.88 | 45.33 | 49.21 | NOTE | |
r-release-linux-x86_64 | 0.2.3 | 3.33 | 43.97 | 47.30 | NOTE | |
r-release-macos-arm64 | 0.2.3 | 57.00 | NOTE | |||
r-release-macos-x86_64 | 0.2.3 | 84.00 | NOTE | |||
r-release-windows-x86_64 | 0.2.3 | 7.00 | 81.00 | 88.00 | NOTE | |
r-oldrel-macos-arm64 | 0.2.3 | 59.00 | OK | |||
r-oldrel-macos-x86_64 | 0.2.3 | 99.00 | OK | |||
r-oldrel-windows-x86_64 | 0.2.3 | 7.00 | 85.00 | 92.00 | OK |
Version: 0.2.3
Check: DESCRIPTION meta-information
Result: NOTE
Missing dependency on R >= 4.1.0 because package code uses the pipe
|> or function shorthand \(...) syntax added in R 4.1.0.
File(s) using such syntax:
‘higher_order_metadata.R’
Flavors: r-devel-linux-x86_64-debian-clang, r-devel-linux-x86_64-debian-gcc, r-devel-linux-x86_64-fedora-clang, r-devel-linux-x86_64-fedora-gcc, r-devel-windows-x86_64, r-patched-linux-x86_64, r-release-linux-x86_64, r-release-macos-arm64, r-release-macos-x86_64, r-release-windows-x86_64