Last updated on 2025-07-19 04:49:37 CEST.
Flavor | Version | Tinstall | Tcheck | Ttotal | Status | Flags |
---|---|---|---|---|---|---|
r-devel-linux-x86_64-debian-clang | 0.3 | 6.64 | 145.07 | 151.71 | OK | |
r-devel-linux-x86_64-debian-gcc | 0.3 | 4.86 | 105.62 | 110.48 | OK | |
r-devel-linux-x86_64-fedora-clang | 0.3 | 208.46 | NOTE | |||
r-devel-linux-x86_64-fedora-gcc | 0.3 | 213.83 | NOTE | |||
r-devel-windows-x86_64 | 0.3 | 11.00 | 111.00 | 122.00 | OK | |
r-patched-linux-x86_64 | 0.3 | 6.17 | 135.29 | 141.46 | OK | |
r-release-linux-x86_64 | 0.3 | 6.36 | 135.74 | 142.10 | OK | |
r-release-macos-arm64 | 0.3 | 53.00 | OK | |||
r-release-macos-x86_64 | 0.3 | 113.00 | OK | |||
r-release-windows-x86_64 | 0.3 | 11.00 | 110.00 | 121.00 | OK | |
r-oldrel-macos-arm64 | 0.3 | 58.00 | OK | |||
r-oldrel-macos-x86_64 | 0.3 | 115.00 | OK | |||
r-oldrel-windows-x86_64 | 0.3 | 15.00 | 138.00 | 153.00 | OK |
Version: 0.3
Check: dependencies in R code
Result: NOTE
Namespaces in Imports field not imported from:
‘lifecycle’ ‘mathjaxr’
All declared Imports should be used.
Flavors: r-devel-linux-x86_64-fedora-clang, r-devel-linux-x86_64-fedora-gcc