Last updated on 2025-05-23 04:51:17 CEST.
Flavor | Version | Tinstall | Tcheck | Ttotal | Status | Flags |
---|---|---|---|---|---|---|
r-devel-linux-x86_64-debian-clang | 0.2.1 | 1.95 | 28.86 | 30.81 | NOTE | |
r-devel-linux-x86_64-debian-gcc | 0.2.1 | 1.61 | 23.36 | 24.97 | NOTE | |
r-devel-linux-x86_64-fedora-clang | 0.2.1 | 44.31 | OK | |||
r-devel-linux-x86_64-fedora-gcc | 0.2.1 | 45.08 | OK | |||
r-devel-windows-x86_64 | 0.2.1 | 4.00 | 0.00 | 4.00 | FAIL | |
r-patched-linux-x86_64 | 0.2.1 | 2.01 | 26.88 | 28.89 | OK | |
r-release-linux-x86_64 | 0.2.1 | 1.76 | 26.44 | 28.20 | OK | |
r-release-macos-arm64 | 0.2.1 | 19.00 | OK | |||
r-release-macos-x86_64 | 0.2.1 | 31.00 | OK | |||
r-release-windows-x86_64 | 0.2.1 | 5.00 | 66.00 | 71.00 | OK | |
r-oldrel-macos-arm64 | 0.2.1 | 18.00 | NOTE | |||
r-oldrel-macos-x86_64 | 0.2.1 | 26.00 | NOTE | |||
r-oldrel-windows-x86_64 | 0.2.1 | 3.00 | 55.00 | 58.00 | NOTE |
Version: 0.2.1
Check: CRAN incoming feasibility
Result: NOTE
Maintainer: ‘Phil Mike Jones <philmikejones@gmail.com>’
Found the following (possibly) invalid file URI:
URI: CONDUCT.md
From: README.md
Flavors: r-devel-linux-x86_64-debian-clang, r-devel-linux-x86_64-debian-gcc
Version: 0.2.1
Check: PDF version of manual
Result: FAIL
Check process probably crashed or hung up for 20 minutes ... killed
Most likely this happened in the example checks (?),
if not, ignore the following last lines of example output:
+ stringsAsFactors = FALSE
+ )
> # Set variables to constrain over
> vars <- c("age", "sex")
> weights <- weight(cons = cons, inds = inds, vars = vars)
> print(weights)
a b c
A 1.227998 1.7250828 0.7250828
B 1.227998 1.7250828 0.7250828
C 3.544004 0.5498344 1.5498344
D 1.544004 4.5498344 2.5498344
E 4.455996 1.4501656 5.4501656
>
>
>
> ### * <FOOTER>
> ###
> cleanEx()
> options(digits = 7L)
> base::cat("Time elapsed: ", proc.time() - base::get("ptime", pos = 'CheckExEnv'),"\n")
Time elapsed: 0.57 0.08 0.64 NA NA
> grDevices::dev.off()
null device
1
> ###
> ### Local variables: ***
> ### mode: outline-minor ***
> ### outline-regexp: "\\(> \\)?### [*]+" ***
> ### End: ***
> quit('no')
======== End of example output (where/before crash/hang up occured ?) ========
Flavor: r-devel-windows-x86_64
Version: 0.2.1
Check: LazyData
Result: NOTE
'LazyData' is specified without a 'data' directory
Flavors: r-oldrel-macos-arm64, r-oldrel-macos-x86_64, r-oldrel-windows-x86_64