Last updated on 2025-05-23 04:51:17 CEST.
Flavor | Version | Tinstall | Tcheck | Ttotal | Status | Flags |
---|---|---|---|---|---|---|
r-devel-linux-x86_64-debian-clang | 0.2.0 | 3.97 | 60.52 | 64.49 | OK | |
r-devel-linux-x86_64-debian-gcc | 0.2.0 | 2.82 | 42.52 | 45.34 | OK | |
r-devel-linux-x86_64-fedora-clang | 0.2.0 | 97.84 | OK | |||
r-devel-linux-x86_64-fedora-gcc | 0.2.0 | 97.63 | OK | |||
r-devel-windows-x86_64 | 0.2.0 | 6.00 | 115.00 | 121.00 | OK | |
r-patched-linux-x86_64 | 0.2.0 | 4.90 | 55.99 | 60.89 | OK | |
r-release-linux-x86_64 | 0.2.0 | 2.86 | 55.45 | 58.31 | OK | |
r-release-macos-arm64 | 0.2.0 | 33.00 | OK | |||
r-release-macos-x86_64 | 0.2.0 | 59.00 | OK | |||
r-release-windows-x86_64 | 0.2.0 | 6.00 | 106.00 | 112.00 | OK | |
r-oldrel-macos-arm64 | 0.2.0 | 32.00 | NOTE | |||
r-oldrel-macos-x86_64 | 0.2.0 | 52.00 | NOTE | |||
r-oldrel-windows-x86_64 | 0.2.0 | 7.00 | 94.00 | 101.00 | NOTE |
Version: 0.2.0
Check: LazyData
Result: NOTE
'LazyData' is specified without a 'data' directory
Flavors: r-oldrel-macos-arm64, r-oldrel-macos-x86_64, r-oldrel-windows-x86_64