Last updated on 2025-05-23 04:51:17 CEST.
Flavor | Version | Tinstall | Tcheck | Ttotal | Status | Flags |
---|---|---|---|---|---|---|
r-devel-linux-x86_64-debian-clang | 2.0.3 | 35.04 | 363.74 | 398.78 | NOTE | |
r-devel-linux-x86_64-debian-gcc | 2.0.3 | 21.36 | 239.60 | 260.96 | NOTE | |
r-devel-linux-x86_64-fedora-clang | 2.0.3 | 628.84 | OK | |||
r-devel-linux-x86_64-fedora-gcc | 2.0.3 | 633.05 | OK | |||
r-devel-windows-x86_64 | 2.0.3 | 31.00 | 287.00 | 318.00 | OK | |
r-patched-linux-x86_64 | 2.0.3 | 29.32 | 337.46 | 366.78 | OK | |
r-release-linux-x86_64 | 2.0.3 | 32.07 | 339.61 | 371.68 | OK | |
r-release-macos-arm64 | 2.0.3 | 136.00 | OK | |||
r-release-macos-x86_64 | 2.0.3 | 274.00 | OK | |||
r-release-windows-x86_64 | 2.0.3 | 32.00 | 279.00 | 311.00 | OK | |
r-oldrel-macos-arm64 | 2.0.3 | 112.00 | OK | |||
r-oldrel-macos-x86_64 | 2.0.3 | 218.00 | OK | |||
r-oldrel-windows-x86_64 | 2.0.3 | 43.00 | 386.00 | 429.00 | OK |
Version: 2.0.3
Check: CRAN incoming feasibility
Result: NOTE
Maintainer: ‘Mihai Valcu <valcu@orn.mpg.de>’
Package CITATION file contains call(s) to old-style personList() or
as.personList(). Please use c() on person objects instead.
Package CITATION file contains call(s) to old-style citEntry(). Please
use bibentry() instead.
Flavors: r-devel-linux-x86_64-debian-clang, r-devel-linux-x86_64-debian-gcc