Last updated on 2025-05-23 04:51:17 CEST.
Flavor | Version | Tinstall | Tcheck | Ttotal | Status | Flags |
---|---|---|---|---|---|---|
r-devel-linux-x86_64-debian-clang | 0.37.3 | 78.39 | 121.18 | 199.57 | OK | |
r-devel-linux-x86_64-debian-gcc | 0.37.3 | 53.50 | 86.48 | 139.98 | OK | |
r-devel-linux-x86_64-fedora-clang | 0.37.3 | 383.46 | OK | |||
r-devel-linux-x86_64-fedora-gcc | 0.37.3 | 365.90 | OK | |||
r-devel-windows-x86_64 | 0.37.3 | 90.00 | 168.00 | 258.00 | OK | |
r-patched-linux-x86_64 | 0.37.3 | 81.21 | 114.77 | 195.98 | OK | |
r-release-linux-x86_64 | 0.37.3 | 77.36 | 113.32 | 190.68 | OK | |
r-release-macos-arm64 | 0.37.3 | 75.00 | OK | |||
r-release-macos-x86_64 | 0.37.3 | 136.00 | OK | |||
r-release-windows-x86_64 | 0.37.3 | 92.00 | 162.00 | 254.00 | OK | |
r-oldrel-macos-arm64 | 0.37.3 | 80.00 | NOTE | |||
r-oldrel-macos-x86_64 | 0.37.3 | 93.00 | NOTE | |||
r-oldrel-windows-x86_64 | 0.37.3 | 111.00 | 195.00 | 306.00 | OK |
Version: 0.37.3
Check: installed package size
Result: NOTE
installed size is 7.2Mb
sub-directories of 1Mb or more:
data 2.9Mb
libs 3.3Mb
Flavors: r-oldrel-macos-arm64, r-oldrel-macos-x86_64