CRAN Package Check Results for Package rdist

Last updated on 2025-07-19 04:49:33 CEST.

Flavor Version Tinstall Tcheck Ttotal Status Flags
r-devel-linux-x86_64-debian-clang 0.0.5 97.43 28.02 125.45 NOTE
r-devel-linux-x86_64-debian-gcc 0.0.5 61.82 21.57 83.39 NOTE
r-devel-linux-x86_64-fedora-clang 0.0.5 264.85 NOTE
r-devel-linux-x86_64-fedora-gcc 0.0.5 202.66 NOTE
r-devel-windows-x86_64 0.0.5 105.00 69.00 174.00 NOTE
r-patched-linux-x86_64 0.0.5 87.95 25.36 113.31 NOTE
r-release-linux-x86_64 0.0.5 90.53 26.50 117.03 NOTE
r-release-macos-arm64 0.0.5 46.00 NOTE
r-release-macos-x86_64 0.0.5 53.00 NOTE
r-release-windows-x86_64 0.0.5 100.00 63.00 163.00 NOTE
r-oldrel-macos-arm64 0.0.5 47.00 NOTE
r-oldrel-macos-x86_64 0.0.5 48.00 NOTE
r-oldrel-windows-x86_64 0.0.5 127.00 78.00 205.00 NOTE

Check Details

Version: 0.0.5
Check: Rd files
Result: NOTE checkRd: (-1) farthest_point_sampling.Rd:28: Lost braces; missing escapes or markup? 28 | space P = {p_1, ..., p_k}, such that each p_i is the farthest | ^ Flavors: r-devel-linux-x86_64-debian-clang, r-devel-linux-x86_64-debian-gcc, r-devel-linux-x86_64-fedora-clang, r-devel-linux-x86_64-fedora-gcc, r-devel-windows-x86_64, r-patched-linux-x86_64, r-release-linux-x86_64, r-release-macos-arm64, r-release-macos-x86_64, r-release-windows-x86_64, r-oldrel-macos-arm64, r-oldrel-macos-x86_64, r-oldrel-windows-x86_64

Version: 0.0.5
Check: LazyData
Result: NOTE 'LazyData' is specified without a 'data' directory Flavors: r-oldrel-macos-arm64, r-oldrel-macos-x86_64, r-oldrel-windows-x86_64