Last updated on 2025-05-23 04:51:18 CEST.
Flavor | Version | Tinstall | Tcheck | Ttotal | Status | Flags |
---|---|---|---|---|---|---|
r-devel-linux-x86_64-debian-clang | 2.2 | 10.05 | 62.63 | 72.68 | NOTE | |
r-devel-linux-x86_64-debian-gcc | 2.2 | 6.69 | 42.26 | 48.95 | NOTE | |
r-devel-linux-x86_64-fedora-clang | 2.2 | 124.22 | OK | |||
r-devel-linux-x86_64-fedora-gcc | 2.2 | 114.73 | OK | |||
r-devel-windows-x86_64 | 2.2 | 12.00 | 72.00 | 84.00 | OK | |
r-patched-linux-x86_64 | 2.2 | 11.05 | 58.46 | 69.51 | OK | |
r-release-linux-x86_64 | 2.2 | 9.96 | 58.83 | 68.79 | OK | |
r-release-macos-arm64 | 2.2 | 34.00 | OK | |||
r-release-macos-x86_64 | 2.2 | 56.00 | OK | |||
r-release-windows-x86_64 | 2.2 | 12.00 | 74.00 | 86.00 | OK | |
r-oldrel-macos-arm64 | 2.2 | 29.00 | OK | |||
r-oldrel-macos-x86_64 | 2.2 | 46.00 | OK | |||
r-oldrel-windows-x86_64 | 2.2 | 16.00 | 86.00 | 102.00 | OK |
Version: 2.2
Check: CRAN incoming feasibility
Result: NOTE
Maintainer: ‘Sebastian Calonico <sebastian.calonico@columbia.edu>’
No Authors@R field in DESCRIPTION.
Please add one, modifying
Authors@R: c(person(given = "Sebastian",
family = "Calonico",
role = c("aut", "cre"),
email = "sebastian.calonico@columbia.edu"),
person(given = c("Matias", "D."),
family = "Cattaneo",
role = "aut",
email = "cattaneo@princeton.edu"),
person(given = c("Max", "H."),
family = "Farrell",
role = "aut",
email = "maxhfarrell@ucsb.edu"),
person(given = "Rocio",
family = "Titiunik",
role = "aut",
email = "titiunik@princeton.edu"))
as necessary.
Flavors: r-devel-linux-x86_64-debian-clang, r-devel-linux-x86_64-debian-gcc