Last updated on 2025-05-23 04:51:18 CEST.
Flavor | Version | Tinstall | Tcheck | Ttotal | Status | Flags |
---|---|---|---|---|---|---|
r-devel-linux-x86_64-debian-clang | 1.1.3 | 17.26 | 21.05 | 38.31 | OK | |
r-devel-linux-x86_64-debian-gcc | 1.1.3 | 11.11 | 17.33 | 28.44 | OK | |
r-devel-linux-x86_64-fedora-clang | 1.1.3 | 73.06 | OK | |||
r-devel-linux-x86_64-fedora-gcc | 1.1.3 | 64.69 | OK | |||
r-devel-windows-x86_64 | 1.1.3 | 39.00 | 98.00 | 137.00 | OK | |
r-patched-linux-x86_64 | 1.1.3 | 15.58 | 19.28 | 34.86 | OK | |
r-release-linux-x86_64 | 1.1.3 | 15.34 | 19.30 | 34.64 | OK | |
r-release-macos-arm64 | 1.1.3 | 38.00 | OK | |||
r-release-macos-x86_64 | 1.1.3 | 43.00 | OK | |||
r-release-windows-x86_64 | 1.1.3 | 40.00 | 78.00 | 118.00 | OK | |
r-oldrel-macos-arm64 | 1.1.3 | 33.00 | NOTE | |||
r-oldrel-macos-x86_64 | 1.1.3 | 47.00 | NOTE | |||
r-oldrel-windows-x86_64 | 1.1.3 | 40.00 | 58.00 | 98.00 | NOTE |
Version: 1.1.3
Check: installed package size
Result: NOTE
installed size is 31.2Mb
sub-directories of 1Mb or more:
libs 1.6Mb
redengine 29.5Mb
Flavors: r-oldrel-macos-arm64, r-oldrel-macos-x86_64, r-oldrel-windows-x86_64