Last updated on 2025-05-23 04:51:18 CEST.
Flavor | Version | Tinstall | Tcheck | Ttotal | Status | Flags |
---|---|---|---|---|---|---|
r-devel-linux-x86_64-debian-clang | 1.0.9 | 84.88 | 76.85 | 161.73 | OK | |
r-devel-linux-x86_64-debian-gcc | 1.0.9 | 58.88 | 56.21 | 115.09 | OK | |
r-devel-linux-x86_64-fedora-clang | 1.0.9 | 311.20 | OK | |||
r-devel-linux-x86_64-fedora-gcc | 1.0.9 | 318.33 | OK | |||
r-devel-windows-x86_64 | 1.0.9 | 101.00 | 135.00 | 236.00 | OK | |
r-patched-linux-x86_64 | 1.0.9 | 85.22 | 72.46 | 157.68 | OK | |
r-release-linux-x86_64 | 1.0.9 | 84.09 | 73.31 | 157.40 | OK | |
r-release-macos-arm64 | 1.0.9 | 80.00 | OK | |||
r-release-macos-x86_64 | 1.0.9 | 120.00 | OK | |||
r-release-windows-x86_64 | 1.0.9 | 104.00 | 126.00 | 230.00 | OK | |
r-oldrel-macos-arm64 | 1.0.9 | 81.00 | NOTE | |||
r-oldrel-macos-x86_64 | 1.0.9 | 133.00 | NOTE | |||
r-oldrel-windows-x86_64 | 1.0.9 | 113.00 | 144.00 | 257.00 | OK |
Version: 1.0.9
Check: installed package size
Result: NOTE
installed size is 5.3Mb
sub-directories of 1Mb or more:
libs 4.6Mb
Flavors: r-oldrel-macos-arm64, r-oldrel-macos-x86_64