Last updated on 2025-07-19 04:49:34 CEST.
Flavor | Version | Tinstall | Tcheck | Ttotal | Status | Flags |
---|---|---|---|---|---|---|
r-devel-linux-x86_64-debian-clang | 1.0.17-18 | 12.60 | 74.20 | 86.80 | NOTE | |
r-devel-linux-x86_64-debian-gcc | 1.0.17-18 | 8.39 | 53.95 | 62.34 | NOTE | |
r-devel-linux-x86_64-fedora-clang | 1.0.17-18 | 133.30 | NOTE | |||
r-devel-linux-x86_64-fedora-gcc | 1.0.17-18 | 152.73 | NOTE | |||
r-devel-windows-x86_64 | 1.0.17-18 | 34.00 | 241.00 | 275.00 | NOTE | |
r-patched-linux-x86_64 | 1.0.17-18 | 16.21 | 69.86 | 86.07 | NOTE | |
r-release-linux-x86_64 | 1.0.17-18 | 11.34 | 68.90 | 80.24 | NOTE | |
r-release-macos-arm64 | 1.0.17-18 | 71.00 | NOTE | |||
r-release-macos-x86_64 | 1.0.17-18 | 109.00 | NOTE | |||
r-release-windows-x86_64 | 1.0.17-18 | 33.00 | 241.00 | 274.00 | NOTE | |
r-oldrel-macos-arm64 | 1.0.17-18 | 46.00 | OK | |||
r-oldrel-macos-x86_64 | 1.0.17-18 | 75.00 | OK | |||
r-oldrel-windows-x86_64 | 1.0.17-18 | 42.00 | 285.00 | 327.00 | NOTE |
Version: 1.0.17-18
Check: compiled code
Result: NOTE
File ‘redland/libs/redland.so’:
Found non-API call to R: ‘SET_S4_OBJECT’
Compiled code should not call non-API entry points in R.
See ‘Writing portable packages’ in the ‘Writing R Extensions’ manual,
and section ‘Moving into C API compliance’ for issues with the use of
non-API entry points.
Flavors: r-devel-linux-x86_64-debian-clang, r-devel-linux-x86_64-debian-gcc, r-devel-linux-x86_64-fedora-clang, r-devel-linux-x86_64-fedora-gcc, r-patched-linux-x86_64, r-release-linux-x86_64, r-release-macos-arm64, r-release-macos-x86_64
Version: 1.0.17-18
Check: compiled code
Result: NOTE
File 'redland/libs/x64/redland.dll':
Found non-API call to R: 'SET_S4_OBJECT'
Compiled code should not call non-API entry points in R.
See 'Writing portable packages' in the 'Writing R Extensions' manual,
and section 'Moving into C API compliance' for issues with the use of
non-API entry points.
Flavors: r-devel-windows-x86_64, r-release-windows-x86_64
Version: 1.0.17-18
Check: installed package size
Result: NOTE
installed size is 13.3Mb
sub-directories of 1Mb or more:
libs 12.3Mb
Flavor: r-oldrel-windows-x86_64